Last updated on 2024-08-16 12:49:05 CEST.
Flavor | Version | Tinstall | Tcheck | Ttotal | Status | Flags |
---|---|---|---|---|---|---|
r-devel-linux-x86_64-debian-clang | 0.1.0 | 5.26 | 55.91 | 61.17 | OK | |
r-devel-linux-x86_64-debian-gcc | 0.1.0 | 4.00 | 40.84 | 44.84 | OK | |
r-devel-linux-x86_64-fedora-clang | 0.1.0 | 100.58 | NOTE | |||
r-devel-linux-x86_64-fedora-gcc | 0.1.0 | 107.02 | NOTE | |||
r-devel-windows-x86_64 | 0.1.0 | 7.00 | 71.00 | 78.00 | OK | |
r-patched-linux-x86_64 | 0.1.0 | 4.45 | 52.36 | 56.81 | OK | |
r-release-linux-x86_64 | 0.1.0 | 5.08 | 54.28 | 59.36 | OK | |
r-release-macos-arm64 | 0.1.0 | 37.00 | OK | |||
r-release-macos-x86_64 | 0.1.0 | 62.00 | OK | |||
r-release-windows-x86_64 | 0.1.0 | 7.00 | 71.00 | 78.00 | OK | |
r-oldrel-macos-arm64 | 0.1.0 | 38.00 | OK | |||
r-oldrel-macos-x86_64 | 0.1.0 | 57.00 | OK | |||
r-oldrel-windows-x86_64 | 0.1.0 | 8.00 | 79.00 | 87.00 | OK |
Version: 0.1.0
Check: dependencies in R code
Result: NOTE
Namespace in Imports field not imported from: ‘utils’
All declared Imports should be used.
Flavors: r-devel-linux-x86_64-fedora-clang, r-devel-linux-x86_64-fedora-gcc