Last updated on 2025-11-15 01:50:21 CET.
| Flavor | Version | Tinstall | Tcheck | Ttotal | Status | Flags |
|---|---|---|---|---|---|---|
| r-devel-linux-x86_64-debian-clang | 1.1.2 | 24.94 | 61.38 | 86.32 | WARN | |
| r-devel-linux-x86_64-debian-gcc | 1.1.2 | 14.60 | 44.66 | 59.26 | WARN | |
| r-devel-linux-x86_64-fedora-clang | 1.1.2 | 112.00 | 41.92 | 153.92 | NOTE | |
| r-devel-linux-x86_64-fedora-gcc | 1.1.2 | 77.00 | 50.27 | 127.27 | NOTE | |
| r-devel-windows-x86_64 | 1.1.2 | 35.00 | 99.00 | 134.00 | NOTE | |
| r-patched-linux-x86_64 | 1.1.2 | 24.57 | 57.54 | 82.11 | NOTE | |
| r-release-linux-x86_64 | 1.1.2 | 23.96 | 57.99 | 81.95 | NOTE | |
| r-release-macos-arm64 | 1.1.2 | 11.00 | 27.00 | 38.00 | NOTE | |
| r-release-macos-x86_64 | 1.1.2 | 22.00 | 58.00 | 80.00 | NOTE | |
| r-release-windows-x86_64 | 1.1.2 | 34.00 | 99.00 | 133.00 | NOTE | |
| r-oldrel-macos-arm64 | 1.1.2 | 11.00 | 25.00 | 36.00 | NOTE | |
| r-oldrel-macos-x86_64 | 1.1.2 | 15.00 | 38.00 | 53.00 | NOTE | |
| r-oldrel-windows-x86_64 | 1.1.2 | 41.00 | 121.00 | 162.00 | NOTE |
Version: 1.1.2
Check: whether package can be installed
Result: WARN
Found the following significant warnings:
/home/hornik/tmp/R.check/r-devel-clang/Work/build/Packages/RcppArmadillo/include/RcppArmadillo/version/arma.h:66:17: warning: Using fallback compilation with Armadillo 14.6.3. Please consider defining -DARMA_USE_CURRENT and also removing C++11 compilation directive. See GitHub issue #475 for more. [-W#pragma-messages]
See ‘/home/hornik/tmp/R.check/r-devel-clang/Work/PKGS/CoOL.Rcheck/00install.out’ for details.
* used C++ compiler: ‘Debian clang version 21.1.5 (1)’
Flavor: r-devel-linux-x86_64-debian-clang
Version: 1.1.2
Check: C++ specification
Result: NOTE
Specified C++11: please drop specification unless essential
Flavors: r-devel-linux-x86_64-debian-clang, r-devel-linux-x86_64-debian-gcc, r-devel-linux-x86_64-fedora-clang, r-devel-linux-x86_64-fedora-gcc, r-devel-windows-x86_64, r-patched-linux-x86_64, r-release-linux-x86_64, r-release-macos-arm64, r-release-macos-x86_64, r-release-windows-x86_64, r-oldrel-macos-arm64, r-oldrel-macos-x86_64, r-oldrel-windows-x86_64
Version: 1.1.2
Check: whether package can be installed
Result: WARN
Found the following significant warnings:
/home/hornik/tmp/R.check/r-devel-gcc/Work/build/Packages/RcppArmadillo/include/RcppArmadillo/version/arma.h:66:199: note: ‘#pragma message: Using fallback compilation with Armadillo 14.6.3. Please consider defining -DARMA_USE_CURRENT and also removing C++11 compilation directive. See GitHub issue #475 for more.’
See ‘/home/hornik/tmp/R.check/r-devel-gcc/Work/PKGS/CoOL.Rcheck/00install.out’ for details.
* used C++ compiler: ‘g++-15 (Debian 15.2.0-7) 15.2.0’
Flavor: r-devel-linux-x86_64-debian-gcc