Last updated on 2025-07-04 12:48:57 CEST.
Flavor | Version | Tinstall | Tcheck | Ttotal | Status | Flags |
---|---|---|---|---|---|---|
r-devel-linux-x86_64-debian-clang | 1.0.2 | 6.60 | 57.77 | 64.37 | OK | |
r-devel-linux-x86_64-debian-gcc | 1.0.2 | 4.63 | 41.31 | 45.94 | OK | |
r-devel-linux-x86_64-fedora-clang | 1.0.2 | 99.61 | OK | |||
r-devel-linux-x86_64-fedora-gcc | 1.0.2 | 99.06 | OK | |||
r-devel-windows-x86_64 | 1.0.2 | 9.00 | 71.00 | 80.00 | OK | |
r-patched-linux-x86_64 | 1.0.2 | 6.71 | 53.20 | 59.91 | OK | |
r-release-linux-x86_64 | 1.0.2 | 6.64 | 53.98 | 60.62 | OK | |
r-release-macos-arm64 | 1.0 | 34.00 | NOTE | |||
r-release-macos-x86_64 | 1.0.2 | 56.00 | OK | |||
r-release-windows-x86_64 | 1.0.2 | 10.00 | 72.00 | 82.00 | OK | |
r-oldrel-macos-arm64 | 1.0 | 29.00 | NOTE | |||
r-oldrel-macos-x86_64 | 1.0.2 | 54.00 | OK | |||
r-oldrel-windows-x86_64 | 1.0.2 | 11.00 | 87.00 | 98.00 | OK |
Version: 1.0
Check: Rd files
Result: NOTE
checkRd: (-1) CovrgPlot.Rd:28: Lost braces; missing escapes or markup?
28 | \item{plotCI}{a vector of up to 4 numbers out of the set {1,2,3,4}, corresponding to which
| ^
Flavors: r-release-macos-arm64, r-oldrel-macos-arm64