CRAN Package Check Results for Package CoxR2

Last updated on 2025-07-08 13:49:06 CEST.

Flavor Version Tinstall Tcheck Ttotal Status Flags
r-devel-linux-x86_64-debian-clang 1.0 5.99 49.33 55.32 NOTE
r-devel-linux-x86_64-debian-gcc 1.0 4.65 37.72 42.37 NOTE
r-devel-linux-x86_64-fedora-clang 1.0 81.74 OK
r-devel-linux-x86_64-fedora-gcc 1.0 75.80 OK
r-devel-windows-x86_64 1.0 6.00 60.00 66.00 OK
r-patched-linux-x86_64 1.0 5.26 46.96 52.22 OK
r-release-linux-x86_64 1.0 5.87 46.75 52.62 OK
r-release-macos-arm64 1.0 31.00 OK
r-release-macos-x86_64 1.0 47.00 OK
r-release-windows-x86_64 1.0 7.00 59.00 66.00 OK
r-oldrel-macos-arm64 1.0 31.00 OK
r-oldrel-macos-x86_64 1.0 40.00 OK
r-oldrel-windows-x86_64 1.0 8.00 67.00 75.00 OK

Check Details

Version: 1.0
Check: CRAN incoming feasibility
Result: NOTE Maintainer: ‘Hyeri You <h2you@health.ucsd.edu>’ No Authors@R field in DESCRIPTION. Please add one, modifying Authors@R: c(person(given = "Hyeri", family = "You", role = c("aut", "cre"), email = "h2you@health.ucsd.edu"), person(given = "Ronghui", family = "Xu", role = "aut")) as necessary. Flavors: r-devel-linux-x86_64-debian-clang, r-devel-linux-x86_64-debian-gcc