Last updated on 2024-07-18 01:55:28 CEST.
Flavor | Version | Tinstall | Tcheck | Ttotal | Status | Flags |
---|---|---|---|---|---|---|
r-devel-linux-x86_64-debian-clang | 2.60 | 8.12 | 87.09 | 95.21 | NOTE | |
r-devel-linux-x86_64-debian-gcc | 2.60 | 5.50 | 68.22 | 73.72 | NOTE | |
r-devel-linux-x86_64-fedora-clang | 2.70 | 112.78 | OK | |||
r-devel-linux-x86_64-fedora-gcc | 2.70 | 118.50 | OK | |||
r-devel-windows-x86_64 | 2.60 | 6.00 | 97.00 | 103.00 | NOTE | |
r-patched-linux-x86_64 | 2.60 | 6.54 | 82.41 | 88.95 | NOTE | |
r-release-linux-x86_64 | 2.60 | 7.26 | 87.42 | 94.68 | NOTE | |
r-release-macos-arm64 | 2.70 | 58.00 | OK | |||
r-release-macos-x86_64 | 2.70 | 109.00 | OK | |||
r-release-windows-x86_64 | 2.70 | 11.00 | 113.00 | 124.00 | OK | |
r-oldrel-macos-arm64 | 2.70 | 67.00 | OK | |||
r-oldrel-macos-x86_64 | 2.70 | 115.00 | OK | |||
r-oldrel-windows-x86_64 | 2.60 | 8.00 | 107.00 | 115.00 | OK |
Version: 2.60
Check: Rd files
Result: NOTE
checkRd: (-1) Sample.data.Rd:11: Lost braces in \itemize; meant \describe ?
checkRd: (-1) Sample.data.Rd:12: Lost braces in \itemize; meant \describe ?
checkRd: (-1) Sample.data.Rd:13: Lost braces in \itemize; meant \describe ?
checkRd: (-1) Sample.data.Rd:19: Lost braces in \itemize; meant \describe ?
checkRd: (-1) Sample.data.Rd:20: Lost braces in \itemize; meant \describe ?
checkRd: (-1) Sample.data.Rd:21: Lost braces in \itemize; meant \describe ?
Flavors: r-devel-linux-x86_64-debian-clang, r-devel-linux-x86_64-debian-gcc, r-devel-windows-x86_64, r-patched-linux-x86_64, r-release-linux-x86_64