Last updated on 2024-08-16 12:49:06 CEST.
Flavor | Version | Tinstall | Tcheck | Ttotal | Status | Flags |
---|---|---|---|---|---|---|
r-devel-linux-x86_64-debian-clang | 0.4.4 | 13.35 | 45.27 | 58.62 | OK | |
r-devel-linux-x86_64-debian-gcc | 0.4.4 | 9.82 | 33.51 | 43.33 | OK | |
r-devel-linux-x86_64-fedora-clang | 0.4.4 | 93.88 | NOTE | |||
r-devel-linux-x86_64-fedora-gcc | 0.4.4 | 103.48 | OK | |||
r-devel-windows-x86_64 | 0.4.4 | 26.00 | 73.00 | 99.00 | OK | |
r-patched-linux-x86_64 | 0.4.4 | 13.27 | 42.98 | 56.25 | OK | |
r-release-linux-x86_64 | 0.4.4 | 12.95 | 43.63 | 56.58 | OK | |
r-release-macos-arm64 | 0.4.4 | 43.00 | OK | |||
r-release-macos-x86_64 | 0.4.4 | 97.00 | OK | |||
r-release-windows-x86_64 | 0.4.4 | 27.00 | 74.00 | 101.00 | OK | |
r-oldrel-macos-arm64 | 0.4.4 | 48.00 | OK | |||
r-oldrel-macos-x86_64 | 0.4.4 | 72.00 | OK | |||
r-oldrel-windows-x86_64 | 0.4.4 | 29.00 | 81.00 | 110.00 | OK |
Version: 0.4.4
Check: Rd cross-references
Result: NOTE
Undeclared package ‘caret’ in Rd xrefs
Flavor: r-devel-linux-x86_64-fedora-clang