Last updated on 2024-08-16 12:49:06 CEST.
Flavor | Version | Tinstall | Tcheck | Ttotal | Status | Flags |
---|---|---|---|---|---|---|
r-devel-linux-x86_64-debian-clang | 1.0.0 | 1.79 | 28.63 | 30.42 | OK | |
r-devel-linux-x86_64-debian-gcc | 1.0.0 | 1.64 | 22.06 | 23.70 | OK | |
r-devel-linux-x86_64-fedora-clang | 1.0.0 | 51.24 | OK | |||
r-devel-linux-x86_64-fedora-gcc | 1.0.0 | 60.60 | OK | |||
r-devel-windows-x86_64 | 1.0.0 | 5.00 | 51.00 | 56.00 | OK | |
r-patched-linux-x86_64 | 1.0.0 | 2.15 | 27.49 | 29.64 | OK | |
r-release-linux-x86_64 | 1.0.0 | 1.74 | 27.40 | 29.14 | OK | |
r-release-macos-arm64 | 1.0.0 | 27.00 | OK | |||
r-release-macos-x86_64 | 1.0.0 | 43.00 | OK | |||
r-release-windows-x86_64 | 1.0.0 | 5.00 | 51.00 | 56.00 | OK | |
r-oldrel-macos-arm64 | 1.0.0 | 15.00 | ERROR | |||
r-oldrel-macos-x86_64 | 1.0.0 | 12.00 | ERROR | |||
r-oldrel-windows-x86_64 | 1.0.0 | 4.00 | 11.00 | 15.00 | ERROR |
Version: 1.0.0
Check: package dependencies
Result: ERROR
Packages required and available but unsuitable versions:
'stats', 'tools', 'utils'
See section ‘The DESCRIPTION file’ in the ‘Writing R Extensions’
manual.
Flavors: r-oldrel-macos-arm64, r-oldrel-macos-x86_64, r-oldrel-windows-x86_64