Last updated on 2024-07-18 01:55:28 CEST.
Flavor | Version | Tinstall | Tcheck | Ttotal | Status | Flags |
---|---|---|---|---|---|---|
r-devel-linux-x86_64-debian-clang | 3.4.1 | 278.08 | 137.59 | 415.67 | OK | |
r-devel-linux-x86_64-debian-gcc | 3.4.1 | 213.75 | 103.42 | 317.17 | OK | |
r-devel-linux-x86_64-fedora-clang | 3.4.1 | 626.39 | NOTE | |||
r-devel-linux-x86_64-fedora-gcc | 3.4.1 | 659.70 | OK | |||
r-devel-windows-x86_64 | 3.4.1 | 245.00 | 153.00 | 398.00 | NOTE | |
r-patched-linux-x86_64 | 3.4.1 | 256.52 | 135.44 | 391.96 | OK | |
r-release-linux-x86_64 | 3.4.1 | 202.87 | 131.09 | 333.96 | OK | |
r-release-macos-arm64 | 3.4.1 | 134.00 | NOTE | |||
r-release-macos-x86_64 | 3.4.1 | 282.00 | NOTE | |||
r-release-windows-x86_64 | 3.4.1 | 235.00 | 159.00 | 394.00 | OK | |
r-oldrel-macos-arm64 | 3.4.1 | 131.00 | NOTE | |||
r-oldrel-macos-x86_64 | 3.4.1 | 226.00 | NOTE | |||
r-oldrel-windows-x86_64 | 3.4.1 | 294.00 | 195.00 | 489.00 | OK |
Version: 3.4.1
Check: installed package size
Result: NOTE
installed size is 9.0Mb
sub-directories of 1Mb or more:
libs 8.2Mb
Flavors: r-devel-linux-x86_64-fedora-clang, r-release-macos-arm64, r-release-macos-x86_64, r-oldrel-macos-arm64, r-oldrel-macos-x86_64
Version: 3.4.1
Check: Rd cross-references
Result: NOTE
Found the following Rd file(s) with Rd \link{} targets missing package
anchors:
createCyclopsData.Rd: Matrix
Please provide package anchors for all Rd \link{} targets not in the
package itself and the base packages.
Flavor: r-devel-windows-x86_64