Last updated on 2025-11-13 12:54:05 CET.
| Flavor | Version | Tinstall | Tcheck | Ttotal | Status | Flags |
|---|---|---|---|---|---|---|
| r-devel-linux-x86_64-debian-clang | 0.2.4 | 3.58 | 78.99 | 82.57 | OK | |
| r-devel-linux-x86_64-debian-gcc | 0.2.7 | 2.93 | 63.22 | 66.15 | NOTE | |
| r-devel-linux-x86_64-fedora-clang | 0.2.7 | 139.45 | OK | |||
| r-devel-linux-x86_64-fedora-gcc | 0.2.7 | 162.31 | OK | |||
| r-devel-windows-x86_64 | 0.2.7 | 12.00 | 119.00 | 131.00 | OK | |
| r-patched-linux-x86_64 | 0.2.7 | 3.13 | 81.98 | 85.11 | OK | |
| r-release-linux-x86_64 | 0.2.4 | 2.46 | 72.04 | 74.50 | OK | |
| r-release-macos-arm64 | 0.2.7 | 2.00 | 52.00 | 54.00 | OK | |
| r-release-macos-x86_64 | 0.2.7 | 4.00 | 122.00 | 126.00 | OK | |
| r-release-windows-x86_64 | 0.2.7 | 14.00 | 105.00 | 119.00 | OK | |
| r-oldrel-macos-arm64 | 0.2.7 | 2.00 | 53.00 | 55.00 | OK | |
| r-oldrel-macos-x86_64 | 0.2.7 | 6.00 | 140.00 | 146.00 | OK | |
| r-oldrel-windows-x86_64 | 0.2.7 | 10.00 | 126.00 | 136.00 | OK |
Version: 0.2.7
Check: CRAN incoming feasibility
Result: NOTE
Maintainer: ‘Graham Goff <goffgrahamc@gmail.com>’
Found the following (possibly) invalid URLs:
URL:
From: README.md
Message: Empty URL
Flavor: r-devel-linux-x86_64-debian-gcc