Last updated on 2024-07-18 01:55:29 CEST.
Flavor | Version | Tinstall | Tcheck | Ttotal | Status | Flags |
---|---|---|---|---|---|---|
r-devel-linux-x86_64-debian-clang | 0.1.0 | 53.19 | 428.99 | 482.18 | OK | |
r-devel-linux-x86_64-debian-gcc | 0.1.0 | 44.78 | 315.73 | 360.51 | OK | |
r-devel-linux-x86_64-fedora-clang | 0.1.0 | 613.22 | OK | |||
r-devel-linux-x86_64-fedora-gcc | 0.1.0 | 571.80 | OK | |||
r-devel-windows-x86_64 | 0.1.0 | 44.00 | 282.00 | 326.00 | OK | |
r-patched-linux-x86_64 | 0.1.0 | 33.42 | 407.75 | 441.17 | OK | |
r-release-linux-x86_64 | 0.1.0 | 35.62 | 403.24 | 438.86 | OK | |
r-release-macos-arm64 | 0.1.0 | 152.00 | OK | |||
r-release-macos-x86_64 | 0.1.0 | 228.00 | OK | |||
r-release-windows-x86_64 | 0.1.0 | 44.00 | 284.00 | 328.00 | OK | |
r-oldrel-macos-arm64 | 0.1.0 | 13.00 | ERROR | |||
r-oldrel-macos-x86_64 | 0.1.0 | 14.00 | ERROR | |||
r-oldrel-windows-x86_64 | 0.1.0 | 58.00 | 366.00 | 424.00 | OK |
Version: 0.1.0
Check: package dependencies
Result: ERROR
Package required but not available: ‘dada2’
See section ‘The DESCRIPTION file’ in the ‘Writing R Extensions’
manual.
Flavors: r-oldrel-macos-arm64, r-oldrel-macos-x86_64