Last updated on 2024-08-16 12:49:06 CEST.
Flavor | Version | Tinstall | Tcheck | Ttotal | Status | Flags |
---|---|---|---|---|---|---|
r-devel-linux-x86_64-debian-clang | 1.0.12 | 10.66 | 95.31 | 105.97 | OK | |
r-devel-linux-x86_64-debian-gcc | 1.0.12 | 8.26 | 66.95 | 75.21 | OK | |
r-devel-linux-x86_64-fedora-clang | 1.0.12 | 168.66 | NOTE | |||
r-devel-linux-x86_64-fedora-gcc | 1.0.12 | 170.00 | NOTE | |||
r-devel-windows-x86_64 | 1.0.12 | 13.00 | 99.00 | 112.00 | OK | |
r-patched-linux-x86_64 | 1.0.12 | 10.16 | 88.94 | 99.10 | OK | |
r-release-linux-x86_64 | 1.0.12 | 10.96 | 88.58 | 99.54 | OK | |
r-release-macos-arm64 | 1.0.12 | 56.00 | OK | |||
r-release-macos-x86_64 | 1.0.12 | 141.00 | OK | |||
r-release-windows-x86_64 | 1.0.12 | 13.00 | 101.00 | 114.00 | OK | |
r-oldrel-macos-arm64 | 1.0.12 | 62.00 | OK | |||
r-oldrel-macos-x86_64 | 1.0.12 | 120.00 | OK | |||
r-oldrel-windows-x86_64 | 1.0.12 | 17.00 | 124.00 | 141.00 | OK |
Version: 1.0.12
Check: data for non-ASCII characters
Result: NOTE
Note: found 7 marked UTF-8 strings
Flavors: r-devel-linux-x86_64-fedora-clang, r-devel-linux-x86_64-fedora-gcc