Last updated on 2025-11-14 00:50:43 CET.
| Flavor | Version | Tinstall | Tcheck | Ttotal | Status | Flags |
|---|---|---|---|---|---|---|
| r-devel-linux-x86_64-debian-clang | 1.2 | 13.24 | 27.87 | 41.11 | OK | |
| r-devel-linux-x86_64-debian-gcc | 1.3 | 25.64 | 21.52 | 47.16 | OK | |
| r-devel-linux-x86_64-fedora-clang | 1.3 | 43.00 | 73.73 | 116.73 | OK | |
| r-devel-linux-x86_64-fedora-gcc | 1.3 | 24.00 | 85.75 | 109.75 | OK | |
| r-devel-windows-x86_64 | 1.3 | 67.00 | 78.00 | 145.00 | OK | |
| r-patched-linux-x86_64 | 1.2 | 13.67 | 26.31 | 39.98 | OK | |
| r-release-linux-x86_64 | 1.2 | 13.16 | 26.42 | 39.58 | OK | |
| r-release-macos-arm64 | 1.3 | 17.00 | 18.00 | 35.00 | OK | |
| r-release-macos-x86_64 | 1.3 | 20.00 | 35.00 | 55.00 | OK | |
| r-release-windows-x86_64 | 1.2 | 26.00 | 67.00 | 93.00 | OK | |
| r-oldrel-macos-arm64 | 1.3 | 16.00 | 22.00 | 38.00 | NOTE | |
| r-oldrel-macos-x86_64 | 1.3 | 20.00 | 32.00 | 52.00 | NOTE | |
| r-oldrel-windows-x86_64 | 1.2 | 24.00 | 75.00 | 99.00 | NOTE |
Version: 1.3
Check: for GNU extensions in Makefiles
Result: NOTE
GNU make is a SystemRequirements.
Flavors: r-oldrel-macos-arm64, r-oldrel-macos-x86_64
Version: 1.2
Check: for GNU extensions in Makefiles
Result: NOTE
GNU make is a SystemRequirements.
Flavor: r-oldrel-windows-x86_64