Last updated on 2025-11-15 01:50:22 CET.
| Flavor | Version | Tinstall | Tcheck | Ttotal | Status | Flags |
|---|---|---|---|---|---|---|
| r-devel-linux-x86_64-debian-clang | 0.5.7 | 63.54 | 90.20 | 153.74 | OK | |
| r-devel-linux-x86_64-debian-gcc | 0.5.7 | 48.84 | 63.86 | 112.70 | OK | |
| r-devel-linux-x86_64-fedora-clang | 0.5.7 | 373.00 | -62.78 | 310.22 | OK | |
| r-devel-linux-x86_64-fedora-gcc | 0.5.7 | 139.00 | 143.12 | 282.12 | OK | |
| r-devel-windows-x86_64 | 0.5.7 | 166.00 | 136.00 | 302.00 | OK | |
| r-patched-linux-x86_64 | 0.5.7 | 67.55 | 84.57 | 152.12 | OK | |
| r-release-linux-x86_64 | 0.5.7 | 69.47 | 85.94 | 155.41 | OK | |
| r-release-macos-arm64 | 0.5.7 | 28.00 | 47.00 | 75.00 | OK | |
| r-release-macos-x86_64 | 0.5.7 | 27.00 | 102.00 | 129.00 | OK | |
| r-release-windows-x86_64 | 0.5.7 | 118.00 | 136.00 | 254.00 | OK | |
| r-oldrel-macos-arm64 | 0.5.7 | 30.00 | 52.00 | 82.00 | NOTE | |
| r-oldrel-macos-x86_64 | 0.5.7 | 24.00 | 110.00 | 134.00 | NOTE | |
| r-oldrel-windows-x86_64 | 0.5.7 | 131.00 | 176.00 | 307.00 | OK |
Version: 0.5.7
Check: installed package size
Result: NOTE
installed size is 7.1Mb
sub-directories of 1Mb or more:
libs 6.6Mb
Flavors: r-oldrel-macos-arm64, r-oldrel-macos-x86_64