Last updated on 2024-06-14 13:56:17 CEST.
Flavor | Version | Tinstall | Tcheck | Ttotal | Status | Flags |
---|---|---|---|---|---|---|
r-devel-linux-x86_64-debian-clang | 1.1.1 | 4.55 | 556.18 | 560.73 | OK | |
r-devel-linux-x86_64-debian-gcc | 1.1.1 | 4.53 | 444.35 | 448.88 | OK | |
r-devel-linux-x86_64-fedora-clang | 1.1.1 | 723.76 | OK | |||
r-devel-linux-x86_64-fedora-gcc | 1.1.1 | 790.03 | OK | |||
r-devel-windows-x86_64 | 1.1.1 | 6.00 | 480.00 | 486.00 | OK | |
r-patched-linux-x86_64 | 1.1.1 | 4.03 | 534.57 | 538.60 | OK | |
r-release-linux-x86_64 | 1.1.1 | 5.04 | 521.11 | 526.15 | OK | |
r-release-macos-arm64 | 1.1.1 | 267.00 | OK | |||
r-release-macos-x86_64 | 1.1.1 | 450.00 | OK | |||
r-release-windows-x86_64 | 1.1.1 | 6.00 | 516.00 | 522.00 | FAIL | |
r-oldrel-macos-arm64 | 1.1.1 | 268.00 | OK | |||
r-oldrel-macos-x86_64 | 1.1.1 | 683.00 | OK | |||
r-oldrel-windows-x86_64 | 1.1.1 | 7.00 | 609.00 | 616.00 | OK |
Version: 1.1.1
Check: HTML version of manual
Result: FAIL
Flavor: r-release-windows-x86_64