Last updated on 2024-07-18 01:55:29 CEST.
Flavor | Version | Tinstall | Tcheck | Ttotal | Status | Flags |
---|---|---|---|---|---|---|
r-devel-linux-x86_64-debian-clang | 0.0-1 | 15.88 | 198.51 | 214.39 | NOTE | |
r-devel-linux-x86_64-debian-gcc | 0.0-1 | 11.05 | 140.29 | 151.34 | NOTE | |
r-devel-linux-x86_64-fedora-clang | 0.0-1 | 262.31 | NOTE | |||
r-devel-linux-x86_64-fedora-gcc | 0.0-1 | 246.74 | NOTE | |||
r-devel-windows-x86_64 | 0.0-1 | 13.00 | 150.00 | 163.00 | NOTE | |
r-patched-linux-x86_64 | 0.0-1 | 9.34 | 190.47 | 199.81 | NOTE | |
r-release-linux-x86_64 | 0.0-1 | 9.25 | 183.00 | 192.25 | NOTE | |
r-release-macos-arm64 | 0.0-1 | 63.00 | NOTE | |||
r-release-macos-x86_64 | 0.0-1 | 98.00 | NOTE | |||
r-release-windows-x86_64 | 0.0-1 | 12.00 | 154.00 | 166.00 | NOTE | |
r-oldrel-macos-arm64 | 0.0-1 | 80.00 | OK | |||
r-oldrel-macos-x86_64 | 0.0-1 | 116.00 | OK | |||
r-oldrel-windows-x86_64 | 0.0-1 | 17.00 | 186.00 | 203.00 | OK |
Version: 0.0-1
Check: Rd files
Result: NOTE
checkRd: (-1) setCPT.O.Rd:85: Lost braces; missing escapes or markup?
85 | statespace {0,1,2}, which this is *not* checked anywhere. Thus, if
| ^
Flavors: r-devel-linux-x86_64-debian-clang, r-devel-linux-x86_64-debian-gcc, r-devel-linux-x86_64-fedora-clang, r-devel-linux-x86_64-fedora-gcc, r-devel-windows-x86_64, r-patched-linux-x86_64, r-release-linux-x86_64, r-release-macos-arm64, r-release-macos-x86_64, r-release-windows-x86_64