Last updated on 2024-07-18 01:55:29 CEST.
Flavor | Version | Tinstall | Tcheck | Ttotal | Status | Flags |
---|---|---|---|---|---|---|
r-devel-linux-x86_64-debian-clang | 0.3-2 | 5.61 | 201.91 | 207.52 | OK | |
r-devel-linux-x86_64-debian-gcc | 0.3-2 | 3.73 | 135.33 | 139.06 | OK | |
r-devel-linux-x86_64-fedora-clang | 0.3-2 | 235.20 | OK | |||
r-devel-linux-x86_64-fedora-gcc | 0.3-2 | 218.47 | OK | |||
r-devel-windows-x86_64 | 0.3-2 | 6.00 | 126.00 | 132.00 | NOTE | |
r-patched-linux-x86_64 | 0.3-2 | 7.42 | 187.56 | 194.98 | OK | |
r-release-linux-x86_64 | 0.3-2 | 5.89 | 183.61 | 189.50 | OK | |
r-release-macos-arm64 | 0.3-2 | 52.00 | OK | |||
r-release-macos-x86_64 | 0.3-2 | 102.00 | OK | |||
r-release-windows-x86_64 | 0.3-2 | 6.00 | 130.00 | 136.00 | OK | |
r-oldrel-macos-arm64 | 0.3-2 | 62.00 | OK | |||
r-oldrel-macos-x86_64 | 0.3-2 | 167.00 | OK | |||
r-oldrel-windows-x86_64 | 0.3-2 | 7.00 | 170.00 | 177.00 | OK |
Version: 0.3-2
Check: Rd cross-references
Result: NOTE
Found the following Rd file(s) with Rd \link{} targets missing package
anchors:
dnt.Rd: dntJKBf, getPrec, mpfr-class
pbetaD94.Rd: pbetaI
pnormLU.Rd: mpfr
utils.Rd: mpfr
Please provide package anchors for all Rd \link{} targets not in the
package itself and the base packages.
Flavor: r-devel-windows-x86_64