Last updated on 2024-08-16 12:49:07 CEST.
Flavor | Version | Tinstall | Tcheck | Ttotal | Status | Flags |
---|---|---|---|---|---|---|
r-devel-linux-x86_64-debian-clang | 0.0.4 | 6.28 | 201.71 | 207.99 | NOTE | |
r-devel-linux-x86_64-debian-gcc | 0.0.4 | 5.72 | 125.17 | 130.89 | NOTE | |
r-devel-linux-x86_64-fedora-clang | 0.0.4 | 331.31 | NOTE | |||
r-devel-linux-x86_64-fedora-gcc | 0.0.4 | 351.96 | NOTE | |||
r-devel-windows-x86_64 | 0.0.4 | 8.00 | 174.00 | 182.00 | NOTE | |
r-patched-linux-x86_64 | 0.0.4 | 7.57 | 189.83 | 197.40 | NOTE | |
r-release-linux-x86_64 | 0.0.4 | 7.53 | 186.96 | 194.49 | NOTE | |
r-release-macos-arm64 | 0.0.4 | 84.00 | NOTE | |||
r-release-macos-x86_64 | 0.0.4 | 138.00 | NOTE | |||
r-release-windows-x86_64 | 0.0.4 | 8.00 | 170.00 | 178.00 | NOTE | |
r-oldrel-macos-arm64 | 0.0.4 | 91.00 | NOTE | |||
r-oldrel-macos-x86_64 | 0.0.4 | 175.00 | NOTE | |||
r-oldrel-windows-x86_64 | 0.0.4 | 11.00 | 240.00 | 251.00 | NOTE |
Version: 0.0.4
Check: LazyData
Result: NOTE
'LazyData' is specified without a 'data' directory
Flavors: r-devel-linux-x86_64-debian-clang, r-devel-linux-x86_64-debian-gcc, r-devel-linux-x86_64-fedora-clang, r-devel-linux-x86_64-fedora-gcc, r-devel-windows-x86_64, r-patched-linux-x86_64, r-release-linux-x86_64, r-release-macos-arm64, r-release-macos-x86_64, r-release-windows-x86_64, r-oldrel-macos-arm64, r-oldrel-macos-x86_64, r-oldrel-windows-x86_64