Last updated on 2025-07-08 13:49:07 CEST.
Flavor | Version | Tinstall | Tcheck | Ttotal | Status | Flags |
---|---|---|---|---|---|---|
r-devel-linux-x86_64-debian-clang | 1.8.2 | 67.79 | 123.10 | 190.89 | OK | |
r-devel-linux-x86_64-debian-gcc | 1.8.2 | 48.74 | 86.33 | 135.07 | OK | |
r-devel-linux-x86_64-fedora-clang | 1.8.2 | 328.15 | OK | |||
r-devel-linux-x86_64-fedora-gcc | 1.8.2 | 297.28 | OK | |||
r-devel-windows-x86_64 | 1.8.2 | 69.00 | 140.00 | 209.00 | OK | |
r-patched-linux-x86_64 | 1.8.2 | 73.27 | 113.88 | 187.15 | OK | |
r-release-linux-x86_64 | 1.8.2 | 70.44 | 113.68 | 184.12 | OK | |
r-release-macos-arm64 | 1.8.2 | 76.00 | OK | |||
r-release-macos-x86_64 | 1.8.2 | 134.00 | OK | |||
r-release-windows-x86_64 | 1.8.2 | 71.00 | 140.00 | 211.00 | OK | |
r-oldrel-macos-arm64 | 1.8.2 | 77.00 | NOTE | |||
r-oldrel-macos-x86_64 | 1.8.2 | 105.00 | NOTE | |||
r-oldrel-windows-x86_64 | 1.8.2 | 92.00 | 188.00 | 280.00 | OK |
Version: 1.8.2
Check: installed package size
Result: NOTE
installed size is 8.2Mb
sub-directories of 1Mb or more:
data 2.8Mb
libs 5.1Mb
Flavors: r-oldrel-macos-arm64, r-oldrel-macos-x86_64