Last updated on 2024-08-16 12:49:07 CEST.
Flavor | Version | Tinstall | Tcheck | Ttotal | Status | Flags |
---|---|---|---|---|---|---|
r-devel-linux-x86_64-debian-clang | 2.0.0 | 2.21 | 30.80 | 33.01 | OK | |
r-devel-linux-x86_64-debian-gcc | 2.0.0 | 1.79 | 23.88 | 25.67 | OK | |
r-devel-linux-x86_64-fedora-clang | 2.0.0 | 54.62 | NOTE | |||
r-devel-linux-x86_64-fedora-gcc | 2.0.0 | 64.65 | NOTE | |||
r-devel-windows-x86_64 | 2.0.0 | 3.00 | 49.00 | 52.00 | OK | |
r-patched-linux-x86_64 | 2.0.0 | 2.34 | 29.36 | 31.70 | OK | |
r-release-linux-x86_64 | 2.0.0 | 2.18 | 29.86 | 32.04 | OK | |
r-release-macos-arm64 | 2.0.0 | 25.00 | OK | |||
r-release-macos-x86_64 | 2.0.0 | 37.00 | OK | |||
r-release-windows-x86_64 | 2.0.0 | 3.00 | 50.00 | 53.00 | OK | |
r-oldrel-macos-arm64 | 2.0.0 | 43.00 | OK | |||
r-oldrel-macos-x86_64 | 2.0.0 | 99.00 | OK | |||
r-oldrel-windows-x86_64 | 2.0.0 | 3.00 | 53.00 | 56.00 | OK |
Version: 2.0.0
Check: data for non-ASCII characters
Result: NOTE
Note: found 386 marked UTF-8 strings
Flavors: r-devel-linux-x86_64-fedora-clang, r-devel-linux-x86_64-fedora-gcc