Last updated on 2024-07-18 01:55:29 CEST.
Flavor | Version | Tinstall | Tcheck | Ttotal | Status | Flags |
---|---|---|---|---|---|---|
r-devel-linux-x86_64-debian-clang | 1.1.0 | 42.32 | 50.02 | 92.34 | OK | |
r-devel-linux-x86_64-debian-gcc | 1.1.0 | 26.33 | 37.71 | 64.04 | OK | |
r-devel-linux-x86_64-fedora-clang | 1.1.0 | 117.39 | OK | |||
r-devel-linux-x86_64-fedora-gcc | 1.1.0 | 124.75 | OK | |||
r-devel-windows-x86_64 | 1.1.0 | 30.00 | 73.00 | 103.00 | OK | |
r-patched-linux-x86_64 | 1.1.0 | 36.79 | 51.24 | 88.03 | OK | |
r-release-linux-x86_64 | 1.1.0 | 37.31 | 50.43 | 87.74 | OK | |
r-release-macos-arm64 | 1.1.0 | 37.00 | NOTE | |||
r-release-macos-x86_64 | 1.1.0 | 50.00 | NOTE | |||
r-release-windows-x86_64 | 1.1.0 | 31.00 | 76.00 | 107.00 | OK | |
r-oldrel-macos-arm64 | 1.1.0 | 39.00 | NOTE | |||
r-oldrel-macos-x86_64 | 1.1.0 | 99.00 | NOTE | |||
r-oldrel-windows-x86_64 | 1.1.0 | 37.00 | 84.00 | 121.00 | OK |
Version: 1.1.0
Check: installed package size
Result: NOTE
installed size is 13.2Mb
sub-directories of 1Mb or more:
libs 13.1Mb
Flavors: r-release-macos-arm64, r-release-macos-x86_64, r-oldrel-macos-arm64, r-oldrel-macos-x86_64