Last updated on 2024-07-18 01:55:29 CEST.
Flavor | Version | Tinstall | Tcheck | Ttotal | Status | Flags |
---|---|---|---|---|---|---|
r-devel-linux-x86_64-debian-clang | 3.3.3 | 29.99 | 57.74 | 87.73 | NOTE | |
r-devel-linux-x86_64-debian-gcc | 3.3.3 | 22.02 | 43.19 | 65.21 | NOTE | |
r-devel-linux-x86_64-fedora-clang | 3.3.3 | 134.81 | NOTE | |||
r-devel-linux-x86_64-fedora-gcc | 3.3.3 | 116.15 | NOTE | |||
r-devel-windows-x86_64 | 3.3.3 | 29.00 | 81.00 | 110.00 | NOTE | |
r-patched-linux-x86_64 | 3.3.3 | 24.84 | 55.97 | 80.81 | NOTE | |
r-release-linux-x86_64 | 3.3.3 | 27.02 | 55.25 | 82.27 | NOTE | |
r-release-macos-arm64 | 3.3.3 | 36.00 | NOTE | |||
r-release-macos-x86_64 | 3.3.3 | 48.00 | NOTE | |||
r-release-windows-x86_64 | 3.3.3 | 28.00 | 80.00 | 108.00 | NOTE | |
r-oldrel-macos-arm64 | 3.3.3 | 39.00 | NOTE | |||
r-oldrel-macos-x86_64 | 3.3.3 | 59.00 | NOTE | |||
r-oldrel-windows-x86_64 | 3.3.3 | 34.00 | 95.00 | 129.00 | NOTE |
Version: 3.3.3
Check: C++ specification
Result: NOTE
Specified C++14: please drop specification unless essential
Flavors: r-devel-linux-x86_64-debian-clang, r-devel-linux-x86_64-debian-gcc, r-devel-linux-x86_64-fedora-clang, r-devel-linux-x86_64-fedora-gcc, r-devel-windows-x86_64, r-patched-linux-x86_64, r-release-linux-x86_64, r-release-macos-arm64, r-release-macos-x86_64, r-release-windows-x86_64, r-oldrel-macos-arm64, r-oldrel-macos-x86_64, r-oldrel-windows-x86_64