Last updated on 2024-07-18 01:55:29 CEST.
Flavor | Version | Tinstall | Tcheck | Ttotal | Status | Flags |
---|---|---|---|---|---|---|
r-devel-linux-x86_64-debian-clang | 1.0.2 | 5.24 | 37.09 | 42.33 | NOTE | |
r-devel-linux-x86_64-debian-gcc | 1.0.2 | 3.17 | 28.90 | 32.07 | NOTE | |
r-devel-linux-x86_64-fedora-clang | 1.0.2 | 52.09 | NOTE | |||
r-devel-linux-x86_64-fedora-gcc | 1.0.2 | 49.41 | NOTE | |||
r-devel-windows-x86_64 | 1.0.2 | 9.00 | 53.00 | 62.00 | NOTE | |
r-patched-linux-x86_64 | 1.0.2 | 3.45 | 36.63 | 40.08 | NOTE | |
r-release-linux-x86_64 | 1.0.2 | 4.33 | 35.70 | 40.03 | NOTE | |
r-release-macos-arm64 | 1.0.2 | 22.00 | NOTE | |||
r-release-macos-x86_64 | 1.0.2 | 33.00 | NOTE | |||
r-release-windows-x86_64 | 1.0.2 | 9.00 | 53.00 | 62.00 | NOTE | |
r-oldrel-macos-arm64 | 1.0.2 | 19.00 | NOTE | |||
r-oldrel-macos-x86_64 | 1.0.2 | 28.00 | NOTE | |||
r-oldrel-windows-x86_64 | 1.0.2 | 10.00 | 58.00 | 68.00 | NOTE |
Version: 1.0.2
Check: Rd files
Result: NOTE
checkRd: (-1) DendSer.Rd:50: Escaped LaTeX specials: \&
Flavors: r-devel-linux-x86_64-debian-clang, r-devel-linux-x86_64-debian-gcc, r-devel-linux-x86_64-fedora-clang, r-devel-linux-x86_64-fedora-gcc, r-devel-windows-x86_64, r-patched-linux-x86_64, r-release-linux-x86_64, r-release-macos-arm64, r-release-macos-x86_64, r-release-windows-x86_64, r-oldrel-macos-arm64, r-oldrel-macos-x86_64, r-oldrel-windows-x86_64