Last updated on 2024-06-14 13:56:17 CEST.
Flavor | Version | Tinstall | Tcheck | Ttotal | Status | Flags |
---|---|---|---|---|---|---|
r-devel-linux-x86_64-debian-clang | 0.2.11 | 8.01 | 74.60 | 82.61 | OK | |
r-devel-linux-x86_64-debian-gcc | 0.2.11 | 5.69 | 55.39 | 61.08 | OK | |
r-devel-linux-x86_64-fedora-clang | 0.2.11 | 101.84 | OK | |||
r-devel-linux-x86_64-fedora-gcc | 0.2.11 | 102.33 | OK | |||
r-devel-windows-x86_64 | 0.2.11 | 7.00 | 77.00 | 84.00 | OK | |
r-patched-linux-x86_64 | 0.2.11 | 6.04 | 70.82 | 76.86 | OK | |
r-release-linux-x86_64 | 0.2.11 | 6.33 | 69.08 | 75.41 | OK | |
r-release-macos-arm64 | 0.2.11 | 32.00 | OK | |||
r-release-macos-x86_64 | 0.2.11 | 45.00 | OK | |||
r-release-windows-x86_64 | 0.2.11 | 9.00 | 103.00 | 112.00 | ERROR | |
r-oldrel-macos-arm64 | 0.2.11 | 31.00 | OK | |||
r-oldrel-macos-x86_64 | 0.2.11 | 69.00 | OK | |||
r-oldrel-windows-x86_64 | 0.2.11 | 9.00 | 87.00 | 96.00 | OK |
Version: 0.2.11
Check: Rd contents
Result: NOTE
Fatal error: couldn't allocate node stack
Flavor: r-release-windows-x86_64
Version: 0.2.11
Check: for unstated dependencies in examples
Result: WARN
Fatal error: couldn't allocate node stack
Flavor: r-release-windows-x86_64
Version: 0.2.11
Check: examples
Result: ERROR
Running massageExamples to create 'DescribeDisplay-Ex.R' failed
NONE
Flavor: r-release-windows-x86_64
Version: 0.2.11
Check: tests
Result: ERROR
Flavor: r-release-windows-x86_64