Last updated on 2024-07-18 01:55:29 CEST.
Flavor | Version | Tinstall | Tcheck | Ttotal | Status | Flags |
---|---|---|---|---|---|---|
r-devel-linux-x86_64-debian-clang | 0.0.5 | 41.02 | 29.48 | 70.50 | OK | |
r-devel-linux-x86_64-debian-gcc | 0.0.5 | 37.35 | 25.72 | 63.07 | OK | |
r-devel-linux-x86_64-fedora-clang | 0.0.5 | 104.71 | OK | |||
r-devel-linux-x86_64-fedora-gcc | 0.0.5 | 116.18 | OK | |||
r-devel-windows-x86_64 | 0.0.5 | 37.00 | 51.00 | 88.00 | OK | |
r-patched-linux-x86_64 | 0.0.5 | 48.70 | 31.56 | 80.26 | OK | |
r-release-linux-x86_64 | 0.0.5 | 45.20 | 31.66 | 76.86 | OK | |
r-release-macos-arm64 | 0.0.5 | 32.00 | NOTE | |||
r-release-macos-x86_64 | 0.0.5 | 74.00 | NOTE | |||
r-release-windows-x86_64 | 0.0.5 | 37.00 | 52.00 | 89.00 | OK | |
r-oldrel-macos-arm64 | 0.0.5 | 36.00 | NOTE | |||
r-oldrel-macos-x86_64 | 0.0.5 | 46.00 | NOTE | |||
r-oldrel-windows-x86_64 | 0.0.5 | 47.00 | 74.00 | 121.00 | OK |
Version: 0.0.5
Check: installed package size
Result: NOTE
installed size is 17.9Mb
sub-directories of 1Mb or more:
libs 17.8Mb
Flavors: r-release-macos-arm64, r-release-macos-x86_64, r-oldrel-macos-arm64, r-oldrel-macos-x86_64