Last updated on 2024-07-18 01:55:29 CEST.
Flavor | Version | Tinstall | Tcheck | Ttotal | Status | Flags |
---|---|---|---|---|---|---|
r-devel-linux-x86_64-debian-clang | 2.0.0 | 6.85 | 69.53 | 76.38 | NOTE | |
r-devel-linux-x86_64-debian-gcc | 2.0.0 | 6.81 | 52.38 | 59.19 | NOTE | |
r-devel-linux-x86_64-fedora-clang | 2.0.0 | 96.24 | NOTE | |||
r-devel-linux-x86_64-fedora-gcc | 2.0.0 | 90.34 | NOTE | |||
r-devel-windows-x86_64 | 2.0.0 | 7.00 | 68.00 | 75.00 | NOTE | |
r-patched-linux-x86_64 | 2.0.0 | 6.18 | 65.11 | 71.29 | NOTE | |
r-release-linux-x86_64 | 2.0.0 | 7.98 | 65.78 | 73.76 | NOTE | |
r-release-macos-arm64 | 2.0.0 | 30.00 | NOTE | |||
r-release-macos-x86_64 | 2.0.0 | 46.00 | NOTE | |||
r-release-windows-x86_64 | 2.0.0 | 7.00 | 76.00 | 83.00 | NOTE | |
r-oldrel-macos-arm64 | 2.0.0 | 31.00 | NOTE | |||
r-oldrel-macos-x86_64 | 2.0.0 | 49.00 | NOTE | |||
r-oldrel-windows-x86_64 | 2.0.0 | 9.00 | 79.00 | 88.00 | NOTE |
Version: 2.0.0
Check: Rd files
Result: NOTE
checkRd: (-1) TempDisaggDGP.Rd:79: Escaped LaTeX specials: \&
checkRd: (-1) disaggregate.Rd:56: Escaped LaTeX specials: \&
Flavors: r-devel-linux-x86_64-debian-clang, r-devel-linux-x86_64-debian-gcc, r-devel-linux-x86_64-fedora-clang, r-devel-linux-x86_64-fedora-gcc, r-devel-windows-x86_64, r-patched-linux-x86_64, r-release-linux-x86_64, r-release-macos-arm64, r-release-macos-x86_64, r-release-windows-x86_64, r-oldrel-macos-arm64, r-oldrel-macos-x86_64, r-oldrel-windows-x86_64