Last updated on 2024-08-16 12:49:06 CEST.
Flavor | Version | Tinstall | Tcheck | Ttotal | Status | Flags |
---|---|---|---|---|---|---|
r-devel-linux-x86_64-debian-clang | 0.1.1 | 2.56 | 20.50 | 23.06 | OK | |
r-devel-linux-x86_64-debian-gcc | 0.1.1 | 2.24 | 16.67 | 18.91 | OK | |
r-devel-linux-x86_64-fedora-clang | 0.1.1 | 37.13 | NOTE | |||
r-devel-linux-x86_64-fedora-gcc | 0.1.1 | 35.04 | OK | |||
r-devel-windows-x86_64 | 0.1.1 | 5.00 | 43.00 | 48.00 | OK | |
r-patched-linux-x86_64 | 0.1.1 | 2.84 | 19.36 | 22.20 | OK | |
r-release-linux-x86_64 | 0.1.1 | 2.41 | 19.68 | 22.09 | OK | |
r-release-macos-arm64 | 0.1.1 | 17.00 | OK | |||
r-release-macos-x86_64 | 0.1.1 | 28.00 | OK | |||
r-release-windows-x86_64 | 0.1.1 | 5.00 | 45.00 | 50.00 | OK | |
r-oldrel-macos-arm64 | 0.1.1 | 29.00 | NOTE | |||
r-oldrel-macos-x86_64 | 0.1.1 | 42.00 | NOTE | |||
r-oldrel-windows-x86_64 | 0.1.1 | 5.00 | 45.00 | 50.00 | OK |
Version: 0.1.1
Check: Rd cross-references
Result: NOTE
Undeclared packages ‘airway’, ‘fdrDiscreteNull’ in Rd xrefs
Flavor: r-devel-linux-x86_64-fedora-clang
Version: 0.1.1
Check: Rd cross-references
Result: NOTE
Package unavailable to check Rd xrefs: ‘airway’
Flavors: r-oldrel-macos-arm64, r-oldrel-macos-x86_64