Last updated on 2024-08-16 12:49:06 CEST.
Flavor | Version | Tinstall | Tcheck | Ttotal | Status | Flags |
---|---|---|---|---|---|---|
r-devel-linux-x86_64-debian-clang | 0.4.0 | 3.97 | 32.71 | 36.68 | OK | |
r-devel-linux-x86_64-debian-gcc | 0.4.0 | 2.85 | 23.27 | 26.12 | OK | |
r-devel-linux-x86_64-fedora-clang | 0.4.0 | 59.02 | NOTE | |||
r-devel-linux-x86_64-fedora-gcc | 0.4.0 | 56.31 | NOTE | |||
r-devel-windows-x86_64 | 0.4.0 | 6.00 | 57.00 | 63.00 | OK | |
r-patched-linux-x86_64 | 0.4.0 | 5.46 | 30.39 | 35.85 | OK | |
r-release-linux-x86_64 | 0.4.0 | 3.34 | 30.78 | 34.12 | OK | |
r-release-macos-arm64 | 0.4.0 | 22.00 | OK | |||
r-release-macos-x86_64 | 0.4.0 | 31.00 | OK | |||
r-release-windows-x86_64 | 0.4.0 | 6.00 | 56.00 | 62.00 | OK | |
r-oldrel-macos-arm64 | 0.4.0 | 25.00 | OK | |||
r-oldrel-macos-x86_64 | 0.4.0 | 38.00 | OK | |||
r-oldrel-windows-x86_64 | 0.4.0 | 8.00 | 61.00 | 69.00 | OK |
Version: 0.4.0
Check: dependencies in R code
Result: NOTE
Namespaces in Imports field not imported from:
‘dplyr’ ‘rlang’
All declared Imports should be used.
Flavors: r-devel-linux-x86_64-fedora-clang, r-devel-linux-x86_64-fedora-gcc