Last updated on 2024-08-16 12:49:07 CEST.
Flavor | Version | Tinstall | Tcheck | Ttotal | Status | Flags |
---|---|---|---|---|---|---|
r-devel-linux-x86_64-debian-clang | 0.1.0 | 1.93 | 50.70 | 52.63 | OK | |
r-devel-linux-x86_64-debian-gcc | 0.1.0 | 1.88 | 33.15 | 35.03 | OK | |
r-devel-linux-x86_64-fedora-clang | 0.1.0 | 84.60 | NOTE | |||
r-devel-linux-x86_64-fedora-gcc | 0.1.0 | 76.90 | NOTE | |||
r-devel-windows-x86_64 | 0.1.0 | 6.00 | 73.00 | 79.00 | OK | |
r-patched-linux-x86_64 | 0.1.0 | 2.19 | 45.52 | 47.71 | OK | |
r-release-linux-x86_64 | 0.1.0 | 2.08 | 45.92 | 48.00 | OK | |
r-release-macos-arm64 | 0.1.0 | 29.00 | OK | |||
r-release-macos-x86_64 | 0.1.0 | 41.00 | OK | |||
r-release-windows-x86_64 | 0.1.0 | 5.00 | 73.00 | 78.00 | OK | |
r-oldrel-macos-arm64 | 0.1.0 | 32.00 | OK | |||
r-oldrel-macos-x86_64 | 0.1.0 | 37.00 | OK | |||
r-oldrel-windows-x86_64 | 0.1.0 | 5.00 | 83.00 | 88.00 | OK |
Version: 0.1.0
Check: dependencies in R code
Result: NOTE
Namespace in Imports field not imported from: ‘qcr’
All declared Imports should be used.
Flavors: r-devel-linux-x86_64-fedora-clang, r-devel-linux-x86_64-fedora-gcc