Last updated on 2024-07-18 01:55:30 CEST.
Flavor | Version | Tinstall | Tcheck | Ttotal | Status | Flags |
---|---|---|---|---|---|---|
r-devel-linux-x86_64-debian-clang | 1.0.3 | 10.07 | 90.13 | 100.20 | NOTE | |
r-devel-linux-x86_64-debian-gcc | 1.0.3 | 8.93 | 66.01 | 74.94 | NOTE | |
r-devel-linux-x86_64-fedora-clang | 1.0.3 | 121.80 | NOTE | |||
r-devel-linux-x86_64-fedora-gcc | 1.0.3 | 113.83 | NOTE | |||
r-devel-windows-x86_64 | 1.0.3 | 10.00 | 77.00 | 87.00 | NOTE | |
r-patched-linux-x86_64 | 1.0.3 | 16.44 | 84.82 | 101.26 | NOTE | |
r-release-linux-x86_64 | 1.0.3 | 10.15 | 84.79 | 94.94 | NOTE | |
r-release-macos-arm64 | 1.0.3 | 39.00 | OK | |||
r-release-macos-x86_64 | 1.0.3 | 56.00 | OK | |||
r-release-windows-x86_64 | 1.0.3 | 9.00 | 79.00 | 88.00 | OK | |
r-oldrel-macos-arm64 | 1.0.3 | 43.00 | OK | |||
r-oldrel-macos-x86_64 | 1.0.3 | 74.00 | OK | |||
r-oldrel-windows-x86_64 | 1.0.3 | 12.00 | 94.00 | 106.00 | OK |
Version: 1.0.3
Check: for non-standard things in the check directory
Result: NOTE
Found the following files/directories:
‘eval_test_LG_ROC.pdf’ ‘test.pdf’
Flavors: r-devel-linux-x86_64-debian-clang, r-devel-linux-x86_64-debian-gcc, r-devel-linux-x86_64-fedora-clang, r-devel-linux-x86_64-fedora-gcc, r-patched-linux-x86_64, r-release-linux-x86_64
Version: 1.0.3
Check: Rd cross-references
Result: NOTE
Found the following Rd file(s) with Rd \link{} targets missing package
anchors:
efs_eval.Rd: roc.test
ensemble_fs.Rd: randomForest, cforest
Please provide package anchors for all Rd \link{} targets not in the
package itself and the base packages.
Flavor: r-devel-windows-x86_64