Last updated on 2024-08-16 12:49:07 CEST.
Flavor | Version | Tinstall | Tcheck | Ttotal | Status | Flags |
---|---|---|---|---|---|---|
r-devel-linux-x86_64-debian-clang | 0.1.5 | 3.64 | 42.26 | 45.90 | NOTE | |
r-devel-linux-x86_64-debian-gcc | 0.1.5 | 2.66 | 31.15 | 33.81 | NOTE | |
r-devel-linux-x86_64-fedora-clang | 0.1.5 | 74.03 | NOTE | |||
r-devel-linux-x86_64-fedora-gcc | 0.1.5 | 81.56 | NOTE | |||
r-devel-windows-x86_64 | 0.1.5 | 7.00 | 81.00 | 88.00 | NOTE | |
r-patched-linux-x86_64 | 0.1.5 | 5.27 | 39.39 | 44.66 | NOTE | |
r-release-linux-x86_64 | 0.1.5 | 3.63 | 40.00 | 43.63 | NOTE | |
r-release-macos-arm64 | 0.1.5 | 35.00 | NOTE | |||
r-release-macos-x86_64 | 0.1.5 | 55.00 | NOTE | |||
r-release-windows-x86_64 | 0.1.5 | 6.00 | 82.00 | 88.00 | NOTE | |
r-oldrel-macos-arm64 | 0.1.5 | 33.00 | NOTE | |||
r-oldrel-macos-x86_64 | 0.1.5 | 41.00 | NOTE | |||
r-oldrel-windows-x86_64 | 0.1.5 | 5.00 | 85.00 | 90.00 | NOTE |
Version: 0.1.5
Check: Rd files
Result: NOTE
checkRd: (-1) prepareInitsLM.Rd:21-23: Lost braces in \itemize; \value handles \item{}{} directly
Flavors: r-devel-linux-x86_64-debian-clang, r-devel-linux-x86_64-debian-gcc, r-devel-linux-x86_64-fedora-clang, r-devel-linux-x86_64-fedora-gcc, r-devel-windows-x86_64, r-patched-linux-x86_64, r-release-linux-x86_64, r-release-macos-arm64, r-release-macos-x86_64, r-release-windows-x86_64
Version: 0.1.5
Check: Rd cross-references
Result: NOTE
Found the following Rd file(s) with Rd \link{} targets missing package
anchors:
elisa_batch-class.Rd: nls.lm
elisa_batch.Rd: nls.lm
elisa_plate-class.Rd: nls.lm
elisa_plate.Rd: nls.lm
elisa_run-class.Rd: nls.lm
elisa_run.Rd: nls.lm
Please provide package anchors for all Rd \link{} targets not in the
package itself and the base packages.
Flavors: r-devel-linux-x86_64-debian-clang, r-devel-linux-x86_64-debian-gcc, r-devel-windows-x86_64
Version: 0.1.5
Check: LazyData
Result: NOTE
'LazyData' is specified without a 'data' directory
Flavors: r-devel-linux-x86_64-debian-clang, r-devel-linux-x86_64-debian-gcc, r-devel-linux-x86_64-fedora-clang, r-devel-linux-x86_64-fedora-gcc, r-devel-windows-x86_64, r-patched-linux-x86_64, r-release-linux-x86_64, r-release-macos-arm64, r-release-macos-x86_64, r-release-windows-x86_64, r-oldrel-macos-arm64, r-oldrel-macos-x86_64, r-oldrel-windows-x86_64