Last updated on 2024-07-18 01:55:30 CEST.
Flavor | Version | Tinstall | Tcheck | Ttotal | Status | Flags |
---|---|---|---|---|---|---|
r-devel-linux-x86_64-debian-clang | 1.0 | 27.89 | 167.77 | 195.66 | OK | |
r-devel-linux-x86_64-debian-gcc | 1.0 | 18.51 | 118.95 | 137.46 | OK | |
r-devel-linux-x86_64-fedora-clang | 1.0 | 241.04 | NOTE | |||
r-devel-linux-x86_64-fedora-gcc | 1.0 | 216.44 | NOTE | |||
r-devel-windows-x86_64 | 1.0 | 19.00 | 123.00 | 142.00 | OK | |
r-patched-linux-x86_64 | 1.0 | 26.33 | 153.93 | 180.26 | OK | |
r-release-linux-x86_64 | 1.0 | 17.31 | 157.54 | 174.85 | OK | |
r-release-macos-arm64 | 1.0 | 61.00 | OK | |||
r-release-macos-x86_64 | 1.0 | 98.00 | OK | |||
r-release-windows-x86_64 | 1.0 | 22.00 | 124.00 | 146.00 | OK | |
r-oldrel-macos-arm64 | 1.0 | 65.00 | OK | |||
r-oldrel-macos-x86_64 | 1.0 | 135.00 | OK | |||
r-oldrel-windows-x86_64 | 1.0 | 28.00 | 153.00 | 181.00 | OK |
Version: 1.0
Check: dependencies in R code
Result: NOTE
Namespaces in Imports field not imported from:
‘KMsurv’ ‘MLEcens’ ‘lubridate’ ‘msm’ ‘perm’
All declared Imports should be used.
Flavors: r-devel-linux-x86_64-fedora-clang, r-devel-linux-x86_64-fedora-gcc