Last updated on 2024-07-18 01:55:30 CEST.
Flavor | Version | Tinstall | Tcheck | Ttotal | Status | Flags |
---|---|---|---|---|---|---|
r-devel-linux-x86_64-debian-clang | 1.3.0 | 22.46 | 165.80 | 188.26 | OK | |
r-devel-linux-x86_64-debian-gcc | 1.3.0 | 14.69 | 119.94 | 134.63 | OK | |
r-devel-linux-x86_64-fedora-clang | 1.3.0 | 225.22 | OK | |||
r-devel-linux-x86_64-fedora-gcc | 1.3.0 | 211.89 | OK | |||
r-devel-windows-x86_64 | 1.3.0 | 17.00 | 117.00 | 134.00 | NOTE | |
r-patched-linux-x86_64 | 1.3.0 | 24.66 | 154.87 | 179.53 | OK | |
r-release-linux-x86_64 | 1.3.0 | 14.06 | 150.97 | 165.03 | OK | |
r-release-macos-arm64 | 1.3.0 | 60.00 | OK | |||
r-release-macos-x86_64 | 1.3.0 | 93.00 | OK | |||
r-release-windows-x86_64 | 1.3.0 | 17.00 | 122.00 | 139.00 | OK | |
r-oldrel-macos-arm64 | 1.3.0 | 65.00 | OK | |||
r-oldrel-macos-x86_64 | 1.3.0 | 102.00 | OK | |||
r-oldrel-windows-x86_64 | 1.3.0 | 22.00 | 145.00 | 167.00 | OK |
Version: 1.3.0
Check: Rd cross-references
Result: NOTE
Found the following Rd file(s) with Rd \link{} targets missing package
anchors:
ExplainPrediction-package.Rd: CORElearn, CoreModel, predict.CoreModel
explanation.Rd: CoreModel, discretize, semiArtificial-package,
CORElearn, predict.CoreModel, attrEval
wrap4Explanation.Rd: nnet, CORElearn-package
Please provide package anchors for all Rd \link{} targets not in the
package itself and the base packages.
Flavor: r-devel-windows-x86_64