Last updated on 2024-07-18 01:55:31 CEST.
Flavor | Version | Tinstall | Tcheck | Ttotal | Status | Flags |
---|---|---|---|---|---|---|
r-devel-linux-x86_64-debian-clang | 1.0 | 35.58 | 33.40 | 68.98 | NOTE | |
r-devel-linux-x86_64-debian-gcc | 1.0 | 27.21 | 25.14 | 52.35 | NOTE | |
r-devel-linux-x86_64-fedora-clang | 1.0 | 95.34 | NOTE | |||
r-devel-linux-x86_64-fedora-gcc | 1.0 | 103.34 | NOTE | |||
r-devel-windows-x86_64 | 1.0 | 32.00 | 66.00 | 98.00 | NOTE | |
r-patched-linux-x86_64 | 1.0 | 35.01 | 31.96 | 66.97 | NOTE | |
r-release-linux-x86_64 | 1.0 | 31.88 | 32.02 | 63.90 | NOTE | |
r-release-macos-arm64 | 1.0 | 27.00 | NOTE | |||
r-release-macos-x86_64 | 1.0 | 47.00 | NOTE | |||
r-release-windows-x86_64 | 1.0 | 33.00 | 67.00 | 100.00 | NOTE | |
r-oldrel-macos-arm64 | 1.0 | 30.00 | NOTE | |||
r-oldrel-macos-x86_64 | 1.0 | 46.00 | NOTE | |||
r-oldrel-windows-x86_64 | 1.0 | 39.00 | 75.00 | 114.00 | NOTE |
Version: 1.0
Check: C++ specification
Result: NOTE
Specified C++11: please drop specification unless essential
Flavors: r-devel-linux-x86_64-debian-clang, r-devel-linux-x86_64-debian-gcc, r-devel-linux-x86_64-fedora-clang, r-devel-linux-x86_64-fedora-gcc, r-devel-windows-x86_64, r-patched-linux-x86_64, r-release-linux-x86_64, r-release-macos-arm64, r-release-macos-x86_64, r-release-windows-x86_64, r-oldrel-macos-arm64, r-oldrel-macos-x86_64, r-oldrel-windows-x86_64