Last updated on 2024-06-14 13:56:19 CEST.
Flavor | Version | Tinstall | Tcheck | Ttotal | Status | Flags |
---|---|---|---|---|---|---|
r-devel-linux-x86_64-debian-clang | 0.5.3 | 52.21 | 39.74 | 91.95 | OK | |
r-devel-linux-x86_64-debian-gcc | 0.5.3 | 41.74 | 32.65 | 74.39 | OK | |
r-devel-linux-x86_64-fedora-clang | 0.5.3 | 116.90 | OK | |||
r-devel-linux-x86_64-fedora-gcc | 0.5.3 | 138.89 | OK | |||
r-devel-windows-x86_64 | 0.5.3 | 40.00 | 74.00 | 114.00 | OK | |
r-patched-linux-x86_64 | 0.5.3 | 51.47 | 40.57 | 92.04 | OK | |
r-release-linux-x86_64 | 0.5.3 | 53.19 | 41.68 | 94.87 | OK | |
r-release-macos-arm64 | 0.5.3 | 38.00 | NOTE | |||
r-release-macos-x86_64 | 0.5.3 | 53.00 | NOTE | |||
r-release-windows-x86_64 | 0.5.3 | 41.00 | 76.00 | 117.00 | OK | |
r-oldrel-macos-arm64 | 0.5.3 | 55.00 | NOTE | |||
r-oldrel-macos-x86_64 | 0.5.3 | 93.00 | NOTE | |||
r-oldrel-windows-x86_64 | 0.5.3 | 50.00 | 84.00 | 134.00 | OK |
Version: 0.5.3
Check: installed package size
Result: NOTE
installed size is 14.9Mb
sub-directories of 1Mb or more:
libs 14.6Mb
Flavors: r-release-macos-arm64, r-release-macos-x86_64, r-oldrel-macos-arm64, r-oldrel-macos-x86_64