Last updated on 2024-07-18 01:55:30 CEST.
Flavor | Version | Tinstall | Tcheck | Ttotal | Status | Flags |
---|---|---|---|---|---|---|
r-devel-linux-x86_64-debian-clang | 0.5.3 | 60.78 | 39.86 | 100.64 | OK | |
r-devel-linux-x86_64-debian-gcc | 0.5.3 | 41.88 | 32.44 | 74.32 | OK | |
r-devel-linux-x86_64-fedora-clang | 0.5.3 | 117.66 | OK | |||
r-devel-linux-x86_64-fedora-gcc | 0.5.3 | 140.01 | OK | |||
r-devel-windows-x86_64 | 0.5.3 | 41.00 | 75.00 | 116.00 | OK | |
r-patched-linux-x86_64 | 0.5.3 | 53.25 | 39.55 | 92.80 | OK | |
r-release-linux-x86_64 | 0.5.3 | 49.37 | 40.17 | 89.54 | OK | |
r-release-macos-arm64 | 0.5.3 | 38.00 | NOTE | |||
r-release-macos-x86_64 | 0.5.3 | 53.00 | NOTE | |||
r-release-windows-x86_64 | 0.5.3 | 41.00 | 76.00 | 117.00 | OK | |
r-oldrel-macos-arm64 | 0.5.3 | 55.00 | NOTE | |||
r-oldrel-macos-x86_64 | 0.5.3 | 93.00 | NOTE | |||
r-oldrel-windows-x86_64 | 0.5.3 | 51.00 | 83.00 | 134.00 | OK |
Version: 0.5.3
Check: installed package size
Result: NOTE
installed size is 14.9Mb
sub-directories of 1Mb or more:
libs 14.6Mb
Flavors: r-release-macos-arm64, r-release-macos-x86_64, r-oldrel-macos-arm64, r-oldrel-macos-x86_64