Last updated on 2024-07-18 01:55:31 CEST.
Flavor | Version | Tinstall | Tcheck | Ttotal | Status | Flags |
---|---|---|---|---|---|---|
r-devel-linux-x86_64-debian-clang | 1.3.0 | 3992.52 | 343.99 | 4336.51 | NOTE | |
r-devel-linux-x86_64-debian-gcc | 1.3.0 | 3359.82 | 491.55 | 3851.37 | NOTE | |
r-devel-windows-x86_64 | 1.3.0 | 2338.00 | 514.00 | 2852.00 | NOTE | |
r-patched-linux-x86_64 | 1.3.0 | 0.04 | 2.78 | 2.82 | ERROR | |
r-release-linux-x86_64 | 1.3.0 | 0.04 | 2.62 | 2.66 | ERROR | |
r-release-macos-arm64 | 1.3.0 | 1293.00 | NOTE | |||
r-release-macos-x86_64 | 1.3.0 | 868.00 | NOTE | |||
r-release-windows-x86_64 | 1.3.0 | 2727.00 | 473.00 | 3200.00 | NOTE | |
r-oldrel-macos-arm64 | 1.3.0 | 910.00 | NOTE | |||
r-oldrel-macos-x86_64 | 1.3.0 | 984.00 | NOTE | |||
r-oldrel-windows-x86_64 | 1.3.0 | 3345.00 | 628.00 | 3973.00 | NOTE |
Version: 1.3.0
Check: for GNU extensions in Makefiles
Result: NOTE
GNU make is a SystemRequirements.
Flavors: r-devel-linux-x86_64-debian-clang, r-devel-linux-x86_64-debian-gcc, r-devel-windows-x86_64, r-release-macos-arm64, r-release-macos-x86_64, r-release-windows-x86_64, r-oldrel-macos-arm64, r-oldrel-macos-x86_64, r-oldrel-windows-x86_64
Version: 1.3.0
Check: installed package size
Result: NOTE
installed size is 23.4Mb
sub-directories of 1Mb or more:
libs 22.3Mb
Flavors: r-devel-windows-x86_64, r-release-macos-arm64, r-release-macos-x86_64, r-release-windows-x86_64, r-oldrel-macos-arm64, r-oldrel-macos-x86_64, r-oldrel-windows-x86_64
Version: 1.3.0
Check: Rd cross-references
Result: NOTE
Found the following Rd file(s) with Rd \link{} targets missing package
anchors:
FlexReg-package.Rd: rstan
WAIC.Rd: loo, loo_compare, waic
convergence.diag.Rd: check_hmc_diagnostics
convergence.plot.Rd: ggplot2
curve.density.Rd: stat_function
flexreg.Rd: sampling
flexreg_binom.Rd: sampling
Please provide package anchors for all Rd \link{} targets not in the
package itself and the base packages.
Flavor: r-devel-windows-x86_64
Version: 1.3.0
Check: whether package can be installed
Result: ERROR
Installation failed.
Flavors: r-patched-linux-x86_64, r-release-linux-x86_64