Last updated on 2024-08-16 12:49:08 CEST.
Flavor | Version | Tinstall | Tcheck | Ttotal | Status | Flags |
---|---|---|---|---|---|---|
r-devel-linux-x86_64-debian-clang | 1.5 | 8.36 | 100.03 | 108.39 | OK | |
r-devel-linux-x86_64-debian-gcc | 1.5 | 5.91 | 71.92 | 77.83 | OK | |
r-devel-linux-x86_64-fedora-clang | 1.5 | 178.89 | OK | |||
r-devel-linux-x86_64-fedora-gcc | 1.5 | 178.77 | OK | |||
r-devel-windows-x86_64 | 1.5 | 12.00 | 109.00 | 121.00 | OK | |
r-patched-linux-x86_64 | 1.5 | 8.94 | 95.80 | 104.74 | OK | |
r-release-linux-x86_64 | 1.5 | 8.33 | 96.11 | 104.44 | OK | |
r-release-macos-arm64 | 1.5 | 58.00 | OK | |||
r-release-macos-x86_64 | 1.5 | 138.00 | NOTE | |||
r-release-windows-x86_64 | 1.5 | 13.00 | 110.00 | 123.00 | OK | |
r-oldrel-macos-arm64 | 1.5 | 75.00 | OK | |||
r-oldrel-macos-x86_64 | 1.5 | 205.00 | NOTE | |||
r-oldrel-windows-x86_64 | 1.5 | 13.00 | 136.00 | 149.00 | OK |
Version: 1.5
Check: installed package size
Result: NOTE
installed size is 5.2Mb
sub-directories of 1Mb or more:
data 2.6Mb
doc 2.0Mb
Flavors: r-release-macos-x86_64, r-oldrel-macos-x86_64