Last updated on 2024-08-16 12:49:09 CEST.
Flavor | Version | Tinstall | Tcheck | Ttotal | Status | Flags |
---|---|---|---|---|---|---|
r-devel-linux-x86_64-debian-clang | 2.9.4 | 162.35 | 100.74 | 263.09 | NOTE | |
r-devel-linux-x86_64-debian-gcc | 2.9.4 | 120.75 | 67.81 | 188.56 | NOTE | |
r-devel-linux-x86_64-fedora-clang | 2.9.4 | 503.53 | NOTE | |||
r-devel-linux-x86_64-fedora-gcc | 2.9.4 | 535.39 | NOTE | |||
r-devel-windows-x86_64 | 2.9.4 | 179.00 | 139.00 | 318.00 | NOTE | |
r-patched-linux-x86_64 | 2.9.4 | 169.45 | 94.49 | 263.94 | NOTE | |
r-release-linux-x86_64 | 2.9.4 | 173.79 | 94.58 | 268.37 | NOTE | |
r-release-macos-arm64 | 2.9.4 | 113.00 | NOTE | |||
r-release-macos-x86_64 | 2.9.4 | 133.00 | NOTE | |||
r-release-windows-x86_64 | 2.9.4 | 185.00 | 142.00 | 327.00 | NOTE | |
r-oldrel-macos-arm64 | 2.9.4 | 103.00 | NOTE | |||
r-oldrel-macos-x86_64 | 2.9.4 | 181.00 | NOTE | |||
r-oldrel-windows-x86_64 | 2.9.4 | 213.00 | 168.00 | 381.00 | OK |
Version: 2.9.4
Check: Rd files
Result: NOTE
checkRd: (-1) GMSCDM.Rd:25: Lost braces; missing escapes or markup?
25 | representing restricted GMS-DINA and GMS-DINO models where delta_{jm1} are equal for all strategies. Note that only a single model can be used
| ^
Flavors: r-devel-linux-x86_64-debian-clang, r-devel-linux-x86_64-debian-gcc, r-devel-linux-x86_64-fedora-clang, r-devel-linux-x86_64-fedora-gcc, r-devel-windows-x86_64, r-patched-linux-x86_64, r-release-linux-x86_64, r-release-macos-arm64, r-release-macos-x86_64, r-release-windows-x86_64
Version: 2.9.4
Check: installed package size
Result: NOTE
installed size is 12.9Mb
sub-directories of 1Mb or more:
libs 11.9Mb
Flavors: r-release-macos-arm64, r-release-macos-x86_64, r-oldrel-macos-arm64, r-oldrel-macos-x86_64