Last updated on 2025-11-08 00:48:58 CET.
| Flavor | Version | Tinstall | Tcheck | Ttotal | Status | Flags |
|---|---|---|---|---|---|---|
| r-devel-linux-x86_64-debian-clang | 0.1.0 | 14.43 | 210.09 | 224.52 | OK | |
| r-devel-linux-x86_64-debian-gcc | 0.1.0 | 10.11 | 150.90 | 161.01 | OK | |
| r-devel-linux-x86_64-fedora-clang | 0.1.1 | 45.00 | 767.69 | 812.69 | OK | |
| r-devel-linux-x86_64-fedora-gcc | 0.1.0 | 89.00 | 911.64 | 1000.64 | OK | |
| r-devel-windows-x86_64 | 0.1.0 | 15.00 | 192.00 | 207.00 | OK | |
| r-patched-linux-x86_64 | 0.1.0 | 13.22 | 199.00 | 212.22 | OK | |
| r-release-linux-x86_64 | 0.1.0 | 13.59 | 197.23 | 210.82 | OK | |
| r-release-macos-arm64 | 0.1.1 | 6.00 | 112.00 | 118.00 | OK | |
| r-release-macos-x86_64 | 0.1.1 | 15.00 | 234.00 | 249.00 | OK | |
| r-release-windows-x86_64 | 0.1.0 | 15.00 | 186.00 | 201.00 | OK | |
| r-oldrel-macos-arm64 | 0.1.1 | 6.00 | 105.00 | 111.00 | NOTE | |
| r-oldrel-macos-x86_64 | 0.1.1 | 16.00 | 204.00 | 220.00 | NOTE | |
| r-oldrel-windows-x86_64 | 0.1.1 | 17.00 | 249.00 | 266.00 | NOTE |
Version: 0.1.1
Check: package dependencies
Result: NOTE
Package suggested but not available for checking: ‘INLA’
Flavors: r-oldrel-macos-arm64, r-oldrel-macos-x86_64
Version: 0.1.1
Check: installed package size
Result: NOTE
installed size is 6.5Mb
sub-directories of 1Mb or more:
doc 1.9Mb
examples 3.5Mb
Flavors: r-oldrel-macos-arm64, r-oldrel-macos-x86_64, r-oldrel-windows-x86_64