Last updated on 2024-07-18 01:55:32 CEST.
Flavor | Version | Tinstall | Tcheck | Ttotal | Status | Flags |
---|---|---|---|---|---|---|
r-devel-linux-x86_64-debian-clang | 2.0.0.9.3 | 11.46 | 70.41 | 81.87 | OK | |
r-devel-linux-x86_64-debian-gcc | 2.0.0.9.3 | 8.92 | 50.57 | 59.49 | OK | |
r-devel-linux-x86_64-fedora-clang | 2.0.0.9.3 | 100.09 | OK | |||
r-devel-linux-x86_64-fedora-gcc | 2.0.0.9.3 | 95.38 | OK | |||
r-devel-windows-x86_64 | 2.0.0.9.3 | 12.00 | 92.00 | 104.00 | NOTE | |
r-patched-linux-x86_64 | 2.0.0.9.3 | 12.47 | 66.57 | 79.04 | OK | |
r-release-linux-x86_64 | 2.0.0.9.3 | 11.67 | 65.43 | 77.10 | OK | |
r-release-macos-arm64 | 2.0.0.9.3 | 30.00 | OK | |||
r-release-macos-x86_64 | 2.0.0.9.3 | 47.00 | OK | |||
r-release-windows-x86_64 | 2.0.0.9.3 | 11.00 | 90.00 | 101.00 | OK | |
r-oldrel-macos-arm64 | 2.0.0.9.3 | 35.00 | OK | |||
r-oldrel-macos-x86_64 | 2.0.0.9.3 | 90.00 | OK | |||
r-oldrel-windows-x86_64 | 2.0.0.9.3 | 12.00 | 104.00 | 116.00 | OK |
Version: 2.0.0.9.3
Check: Rd cross-references
Result: NOTE
Found the following Rd file(s) with Rd \link{} targets missing package
anchors:
fun.class.regime.bi.Rd: pam, fanny
Please provide package anchors for all Rd \link{} targets not in the
package itself and the base packages.
Flavor: r-devel-windows-x86_64