Last updated on 2024-07-18 01:55:32 CEST.
Flavor | Version | Tinstall | Tcheck | Ttotal | Status | Flags |
---|---|---|---|---|---|---|
r-devel-linux-x86_64-debian-clang | 0.1.0-6 | 220.13 | 50.04 | 270.17 | OK | |
r-devel-linux-x86_64-debian-gcc | 0.1.0-6 | 186.43 | 45.40 | 231.83 | OK | |
r-devel-linux-x86_64-fedora-clang | 0.1.0-6 | 340.57 | OK | |||
r-devel-linux-x86_64-fedora-gcc | 0.1.0-6 | 477.55 | OK | |||
r-devel-windows-x86_64 | 0.1.0-6 | 149.00 | 67313.00 | 67462.00 | OK | |
r-patched-linux-x86_64 | 0.1.0-6 | 212.23 | 57.27 | 269.50 | OK | |
r-release-linux-x86_64 | 0.1.0-6 | 223.30 | 58.81 | 282.11 | OK | |
r-release-macos-arm64 | 0.1.0-6 | 92.00 | NOTE | |||
r-release-macos-x86_64 | 0.1.0-6 | 90.00 | NOTE | |||
r-release-windows-x86_64 | 0.1.0-6 | 152.00 | 84.00 | 236.00 | OK | |
r-oldrel-macos-arm64 | 0.1.0-6 | 98.00 | NOTE | |||
r-oldrel-macos-x86_64 | 0.1.0-6 | 152.00 | NOTE | |||
r-oldrel-windows-x86_64 | 0.1.0-6 | 187.00 | 105.00 | 292.00 | OK |
Version: 0.1.0-6
Check: installed package size
Result: NOTE
installed size is 35.8Mb
sub-directories of 1Mb or more:
libs 35.4Mb
Flavors: r-release-macos-arm64, r-release-macos-x86_64, r-oldrel-macos-arm64, r-oldrel-macos-x86_64