Last updated on 2024-07-18 01:55:32 CEST.
Flavor | Version | Tinstall | Tcheck | Ttotal | Status | Flags |
---|---|---|---|---|---|---|
r-devel-linux-x86_64-debian-clang | 3.0.1 | 48.21 | 39.11 | 87.32 | NOTE | |
r-devel-linux-x86_64-debian-gcc | 3.0.1 | 34.82 | 29.06 | 63.88 | NOTE | |
r-devel-linux-x86_64-fedora-clang | 3.0.1 | 134.33 | NOTE | |||
r-devel-linux-x86_64-fedora-gcc | 3.0.1 | 130.77 | NOTE | |||
r-devel-windows-x86_64 | 3.0.1 | 43.00 | 67.00 | 110.00 | NOTE | |
r-patched-linux-x86_64 | 3.0.1 | 45.20 | 36.35 | 81.55 | NOTE | |
r-release-linux-x86_64 | 3.0.1 | 42.03 | 37.34 | 79.37 | NOTE | |
r-release-macos-arm64 | 3.0.1 | 30.00 | NOTE | |||
r-release-macos-x86_64 | 3.0.1 | 39.00 | NOTE | |||
r-release-windows-x86_64 | 3.0.1 | 43.00 | 68.00 | 111.00 | NOTE | |
r-oldrel-macos-arm64 | 3.0.1 | 38.00 | NOTE | |||
r-oldrel-macos-x86_64 | 3.0.1 | 60.00 | NOTE | |||
r-oldrel-windows-x86_64 | 3.0.1 | 53.00 | 76.00 | 129.00 | NOTE |
Version: 3.0.1
Check: C++ specification
Result: NOTE
Specified C++11: please drop specification unless essential
Flavors: r-devel-linux-x86_64-debian-clang, r-devel-linux-x86_64-debian-gcc, r-devel-linux-x86_64-fedora-clang, r-devel-linux-x86_64-fedora-gcc, r-devel-windows-x86_64, r-patched-linux-x86_64, r-release-linux-x86_64, r-release-macos-arm64, r-release-macos-x86_64, r-release-windows-x86_64, r-oldrel-macos-arm64, r-oldrel-macos-x86_64, r-oldrel-windows-x86_64
Version: 3.0.1
Check: Rd files
Result: NOTE
checkRd: (-1) Auxil.Rd:27: Lost braces in \itemize; \value handles \item{}{} directly
checkRd: (-1) Auxil.Rd:28: Lost braces in \itemize; \value handles \item{}{} directly
checkRd: (-1) Auxil.Rd:29: Lost braces in \itemize; \value handles \item{}{} directly
checkRd: (-1) Auxil.Rd:30: Lost braces in \itemize; \value handles \item{}{} directly
checkRd: (-1) Fit.Rd:39: Lost braces in \itemize; \value handles \item{}{} directly
checkRd: (-1) Fit.Rd:40: Lost braces in \itemize; \value handles \item{}{} directly
checkRd: (-1) Fit.Rd:41: Lost braces in \itemize; \value handles \item{}{} directly
checkRd: (-1) Fit.Rd:42: Lost braces in \itemize; \value handles \item{}{} directly
checkRd: (-1) Fit.Rd:43: Lost braces in \itemize; \value handles \item{}{} directly
checkRd: (-1) Predict.Rd:21: Lost braces in \itemize; \value handles \item{}{} directly
checkRd: (-1) Predict.Rd:22: Lost braces in \itemize; \value handles \item{}{} directly
checkRd: (-1) Predict.Rd:23: Lost braces in \itemize; \value handles \item{}{} directly
Flavors: r-devel-linux-x86_64-debian-clang, r-devel-linux-x86_64-debian-gcc, r-devel-linux-x86_64-fedora-clang, r-devel-linux-x86_64-fedora-gcc, r-devel-windows-x86_64, r-patched-linux-x86_64, r-release-linux-x86_64, r-release-macos-arm64, r-release-macos-x86_64, r-release-windows-x86_64