Last updated on 2025-11-14 12:50:13 CET.
| Flavor | Version | Tinstall | Tcheck | Ttotal | Status | Flags |
|---|---|---|---|---|---|---|
| r-devel-linux-x86_64-debian-clang | 4.2-3 | 67.49 | 84.42 | 151.91 | OK | |
| r-devel-linux-x86_64-debian-gcc | 4.2-3 | 46.06 | 61.43 | 107.49 | OK | |
| r-devel-linux-x86_64-fedora-clang | 4.2-3 | 110.00 | 139.00 | 249.00 | OK | |
| r-devel-linux-x86_64-fedora-gcc | 4.2-3 | 145.00 | 107.28 | 252.28 | OK | |
| r-devel-windows-x86_64 | 4.2-3 | 79.00 | 116.00 | 195.00 | OK | |
| r-patched-linux-x86_64 | 4.2-3 | 69.28 | 80.34 | 149.62 | OK | |
| r-release-linux-x86_64 | 4.2-3 | 69.68 | 78.85 | 148.53 | OK | |
| r-release-macos-arm64 | 4.2-3 | 27.00 | 39.00 | 66.00 | OK | |
| r-release-macos-x86_64 | 4.2-3 | 36.00 | 69.00 | 105.00 | OK | |
| r-release-windows-x86_64 | 4.2-3 | 79.00 | 117.00 | 196.00 | OK | |
| r-oldrel-macos-arm64 | 4.2-3 | 29.00 | 42.00 | 71.00 | NOTE | |
| r-oldrel-macos-x86_64 | 4.2-3 | 37.00 | 71.00 | 108.00 | NOTE | |
| r-oldrel-windows-x86_64 | 4.2-3 | 96.00 | 143.00 | 239.00 | OK |
Version: 4.2-3
Check: installed package size
Result: NOTE
installed size is 5.0Mb
sub-directories of 1Mb or more:
libs 4.5Mb
Flavors: r-oldrel-macos-arm64, r-oldrel-macos-x86_64