Last updated on 2025-11-09 00:49:30 CET.
| Flavor | Version | Tinstall | Tcheck | Ttotal | Status | Flags |
|---|---|---|---|---|---|---|
| r-devel-linux-x86_64-debian-clang | 1.0.0 | 16.24 | 227.47 | 243.71 | OK | |
| r-devel-linux-x86_64-debian-gcc | 1.0.0 | 13.60 | 158.09 | 171.69 | OK | |
| r-devel-linux-x86_64-fedora-clang | 1.0.0 | 113.00 | 294.55 | 407.55 | NOTE | |
| r-devel-linux-x86_64-fedora-gcc | 1.0.0 | 39.00 | 332.42 | 371.42 | NOTE | |
| r-devel-windows-x86_64 | 1.0.0 | 19.00 | 200.00 | 219.00 | OK | |
| r-patched-linux-x86_64 | 1.0.0 | 16.64 | 216.14 | 232.78 | OK | |
| r-release-linux-x86_64 | 1.0.0 | 16.77 | 214.01 | 230.78 | OK | |
| r-release-macos-arm64 | 1.0.0 | 9.00 | 97.00 | 106.00 | OK | |
| r-release-macos-x86_64 | 1.0.0 | 21.00 | 221.00 | 242.00 | OK | |
| r-release-windows-x86_64 | 1.0.0 | 18.00 | 199.00 | 217.00 | OK | |
| r-oldrel-macos-arm64 | 1.0.0 | 10.00 | 115.00 | 125.00 | OK | |
| r-oldrel-macos-x86_64 | 1.0.0 | 18.00 | 328.00 | 346.00 | OK | |
| r-oldrel-windows-x86_64 | 1.0.0 | 27.00 | 273.00 | 300.00 | OK |
Version: 1.0.0
Check: dependencies in R code
Result: NOTE
Namespace in Imports field not imported from: ‘devtools’
All declared Imports should be used.
Flavors: r-devel-linux-x86_64-fedora-clang, r-devel-linux-x86_64-fedora-gcc