Last updated on 2024-08-16 12:49:09 CEST.
Flavor | Version | Tinstall | Tcheck | Ttotal | Status | Flags |
---|---|---|---|---|---|---|
r-devel-linux-x86_64-debian-clang | 1.4.9 | 28.88 | 216.52 | 245.40 | NOTE | |
r-devel-linux-x86_64-debian-gcc | 1.4.9 | 21.45 | 145.84 | 167.29 | NOTE | |
r-devel-linux-x86_64-fedora-clang | 1.4.9 | 417.05 | NOTE | |||
r-devel-linux-x86_64-fedora-gcc | 1.4.9 | 399.53 | NOTE | |||
r-devel-windows-x86_64 | 1.4.9 | 33.00 | 243.00 | 276.00 | NOTE | |
r-patched-linux-x86_64 | 1.4.9 | 28.84 | 204.44 | 233.28 | NOTE | |
r-release-linux-x86_64 | 1.4.9 | 27.04 | 207.10 | 234.14 | NOTE | |
r-release-macos-arm64 | 1.4.9 | 105.00 | NOTE | |||
r-release-macos-x86_64 | 1.4.9 | 181.00 | NOTE | |||
r-release-windows-x86_64 | 1.4.9 | 36.00 | 242.00 | 278.00 | NOTE | |
r-oldrel-macos-arm64 | 1.4.9 | 120.00 | OK | |||
r-oldrel-macos-x86_64 | 1.4.9 | 217.00 | OK | |||
r-oldrel-windows-x86_64 | 1.4.9 | 45.00 | 301.00 | 346.00 | OK |
Version: 1.4.9
Check: Rd files
Result: NOTE
checkRd: (-1) cpm.Rd:70: Lost braces; missing escapes or markup?
70 | covariates included in \code{formula_l} or {formula_s} (required).}
| ^
Flavors: r-devel-linux-x86_64-debian-clang, r-devel-linux-x86_64-debian-gcc, r-devel-linux-x86_64-fedora-clang, r-devel-linux-x86_64-fedora-gcc, r-devel-windows-x86_64, r-patched-linux-x86_64, r-release-linux-x86_64, r-release-macos-arm64, r-release-macos-x86_64, r-release-windows-x86_64