Last updated on 2024-07-18 01:55:31 CEST.
Flavor | Version | Tinstall | Tcheck | Ttotal | Status | Flags |
---|---|---|---|---|---|---|
r-devel-linux-x86_64-debian-clang | 0.2.2 | 9.15 | 115.88 | 125.03 | OK | |
r-devel-linux-x86_64-debian-gcc | 0.2.2 | 7.53 | 86.18 | 93.71 | OK | |
r-devel-linux-x86_64-fedora-clang | 0.2.2 | 168.37 | OK | |||
r-devel-linux-x86_64-fedora-gcc | 0.2.2 | 147.13 | OK | |||
r-devel-windows-x86_64 | 0.2.2 | 10.00 | 106.00 | 116.00 | OK | |
r-patched-linux-x86_64 | 0.2.2 | 10.29 | 111.92 | 122.21 | OK | |
r-release-linux-x86_64 | 0.2.2 | 8.96 | 108.95 | 117.91 | OK | |
r-release-macos-arm64 | 0.2.2 | 44.00 | OK | |||
r-release-macos-x86_64 | 0.2.2 | 65.00 | OK | |||
r-release-windows-x86_64 | 0.2.2 | 11.00 | 110.00 | 121.00 | OK | |
r-oldrel-macos-arm64 | 0.2.2 | 49.00 | OK | |||
r-oldrel-macos-x86_64 | 0.2.2 | 74.00 | NOTE | |||
r-oldrel-windows-x86_64 | 0.2.2 | 13.00 | 127.00 | 140.00 | OK |
Version: 0.2.2
Check: package dependencies
Result: NOTE
Package suggested but not available for checking: ‘xgboost’
Flavor: r-oldrel-macos-x86_64