Last updated on 2024-07-18 01:55:31 CEST.
Flavor | Version | Tinstall | Tcheck | Ttotal | Status | Flags |
---|---|---|---|---|---|---|
r-devel-linux-x86_64-debian-clang | 0.1.0 | 4.67 | 58.76 | 63.43 | OK | |
r-devel-linux-x86_64-debian-gcc | 0.1.0 | 3.84 | 41.59 | 45.43 | OK | |
r-devel-linux-x86_64-fedora-clang | 0.1.0 | 75.58 | NOTE | |||
r-devel-linux-x86_64-fedora-gcc | 0.1.0 | 71.20 | NOTE | |||
r-devel-windows-x86_64 | 0.1.0 | 6.00 | 65.00 | 71.00 | OK | |
r-patched-linux-x86_64 | 0.1.0 | 4.91 | 54.92 | 59.83 | OK | |
r-release-linux-x86_64 | 0.1.0 | 4.66 | 53.07 | 57.73 | OK | |
r-release-macos-arm64 | 0.1.0 | 25.00 | OK | |||
r-release-macos-x86_64 | 0.1.0 | 36.00 | OK | |||
r-release-windows-x86_64 | 0.1.0 | 6.00 | 64.00 | 70.00 | OK | |
r-oldrel-macos-arm64 | 0.1.0 | 27.00 | OK | |||
r-oldrel-macos-x86_64 | 0.1.0 | 37.00 | OK | |||
r-oldrel-windows-x86_64 | 0.1.0 | 6.00 | 71.00 | 77.00 | OK |
Version: 0.1.0
Check: dependencies in R code
Result: NOTE
Namespace in Imports field not imported from: ‘velociraptr’
All declared Imports should be used.
Flavors: r-devel-linux-x86_64-fedora-clang, r-devel-linux-x86_64-fedora-gcc