Last updated on 2025-11-15 01:50:28 CET.
| Flavor | Version | Tinstall | Tcheck | Ttotal | Status | Flags |
|---|---|---|---|---|---|---|
| r-devel-linux-x86_64-debian-clang | 2.0.1 | 12.16 | 107.86 | 120.02 | NOTE | |
| r-devel-linux-x86_64-debian-gcc | 2.0.1 | 8.68 | 78.16 | 86.84 | NOTE | |
| r-devel-linux-x86_64-fedora-clang | 2.0.1 | 59.00 | 140.79 | 199.79 | OK | |
| r-devel-linux-x86_64-fedora-gcc | 2.0.1 | 23.00 | 165.93 | 188.93 | OK | |
| r-devel-windows-x86_64 | 2.0.1 | 15.00 | 128.00 | 143.00 | OK | |
| r-patched-linux-x86_64 | 2.0.1 | 11.33 | 104.23 | 115.56 | OK | |
| r-release-linux-x86_64 | 2.0.1 | 11.31 | 105.07 | 116.38 | OK | |
| r-release-macos-arm64 | 2.0.1 | 5.00 | 57.00 | 62.00 | OK | |
| r-release-macos-x86_64 | 2.0.1 | 10.00 | 89.00 | 99.00 | OK | |
| r-release-windows-x86_64 | 2.0.1 | 13.00 | 128.00 | 141.00 | OK | |
| r-oldrel-macos-arm64 | 2.0.1 | 5.00 | 46.00 | 51.00 | OK | |
| r-oldrel-macos-x86_64 | 2.0.1 | 8.00 | 72.00 | 80.00 | OK | |
| r-oldrel-windows-x86_64 | 2.0.1 | 20.00 | 155.00 | 175.00 | OK |
Version: 2.0.1
Check: CRAN incoming feasibility
Result: NOTE
Maintainer: ‘Berkley Shands <rpackages@biorankings.com>’
No Authors@R field in DESCRIPTION.
Please add one, modifying
Authors@R: c(person(given = c("Patricio", "S."),
family = "La Rosa",
role = "aut"),
person(given = "Elena",
family = "Deych",
role = "aut"),
person(given = "Sharina",
family = "Carter",
role = "aut"),
person(given = "Berkley",
family = "Shands",
role = c("aut", "cre"),
email = "rpackages@biorankings.com"),
person(given = "Dake",
family = "Yang",
role = "aut"),
person(given = c("William", "D."),
family = "Shannon",
role = "aut"))
as necessary.
Flavors: r-devel-linux-x86_64-debian-clang, r-devel-linux-x86_64-debian-gcc