Last updated on 2024-08-16 12:49:10 CEST.
Flavor | Version | Tinstall | Tcheck | Ttotal | Status | Flags |
---|---|---|---|---|---|---|
r-devel-linux-x86_64-debian-clang | 0.4.0 | 10.42 | 69.97 | 80.39 | OK | |
r-devel-linux-x86_64-debian-gcc | 0.4.0 | 7.73 | 53.08 | 60.81 | OK | |
r-devel-linux-x86_64-fedora-clang | 0.4.0 | 129.60 | NOTE | |||
r-devel-linux-x86_64-fedora-gcc | 0.4.0 | 126.86 | OK | |||
r-devel-windows-x86_64 | 0.4.0 | 11.00 | 74.00 | 85.00 | OK | |
r-patched-linux-x86_64 | 0.4.0 | 11.30 | 64.92 | 76.22 | OK | |
r-release-linux-x86_64 | 0.4.0 | 10.12 | 65.35 | 75.47 | OK | |
r-release-macos-arm64 | 0.4.0 | 75.00 | OK | |||
r-release-macos-x86_64 | 0.4.0 | 108.00 | OK | |||
r-release-windows-x86_64 | 0.4.0 | 10.00 | 76.00 | 86.00 | OK | |
r-oldrel-macos-arm64 | 0.4.0 | 43.00 | OK | |||
r-oldrel-macos-x86_64 | 0.4.0 | 79.00 | OK | |||
r-oldrel-windows-x86_64 | 0.4.0 | 14.00 | 89.00 | 103.00 | OK |
Version: 0.4.0
Check: Rd cross-references
Result: NOTE
Undeclared package ‘FuncMap’ in Rd xrefs
Flavor: r-devel-linux-x86_64-fedora-clang