Last updated on 2024-07-18 01:55:33 CEST.
Flavor | Version | Tinstall | Tcheck | Ttotal | Status | Flags |
---|---|---|---|---|---|---|
r-devel-linux-x86_64-debian-clang | 0.4-0 | 9.17 | 157.72 | 166.89 | OK | |
r-devel-linux-x86_64-debian-gcc | 0.4-0 | 9.26 | 122.59 | 131.85 | OK | |
r-devel-linux-x86_64-fedora-clang | 0.4-0 | 219.46 | OK | |||
r-devel-linux-x86_64-fedora-gcc | 0.4-0 | 204.18 | OK | |||
r-devel-windows-x86_64 | 0.4-0 | 10.00 | 175.00 | 185.00 | NOTE | |
r-patched-linux-x86_64 | 0.4-0 | 13.30 | 155.16 | 168.46 | OK | |
r-release-linux-x86_64 | 0.4-0 | 10.15 | 155.41 | 165.56 | OK | |
r-release-macos-arm64 | 0.4-0 | 80.00 | OK | |||
r-release-macos-x86_64 | 0.4-0 | 132.00 | OK | |||
r-release-windows-x86_64 | 0.4-0 | 10.00 | 175.00 | 185.00 | OK | |
r-oldrel-macos-arm64 | 0.4-0 | 98.00 | OK | |||
r-oldrel-macos-x86_64 | 0.4-0 | 166.00 | OK | |||
r-oldrel-windows-x86_64 | 0.4-0 | 12.00 | 212.00 | 224.00 | OK |
Version: 0.4-0
Check: Rd cross-references
Result: NOTE
Found the following Rd file(s) with Rd \link{} targets missing package
anchors:
ics.distances.Rd: ics2
icsOut-class.Rd: plot.ics
Please provide package anchors for all Rd \link{} targets not in the
package itself and the base packages.
Flavor: r-devel-windows-x86_64