Last updated on 2024-07-18 01:55:33 CEST.
Flavor | Version | Tinstall | Tcheck | Ttotal | Status | Flags |
---|---|---|---|---|---|---|
r-devel-linux-x86_64-debian-clang | 0.1.0 | 9.23 | 83.02 | 92.25 | NOTE | |
r-devel-linux-x86_64-debian-gcc | 0.1.0 | 6.94 | 59.58 | 66.52 | NOTE | |
r-devel-linux-x86_64-fedora-clang | 0.1.0 | 112.58 | NOTE | |||
r-devel-linux-x86_64-fedora-gcc | 0.1.0 | 113.23 | NOTE | |||
r-devel-windows-x86_64 | 0.1.0 | 6.00 | 70.00 | 76.00 | NOTE | |
r-patched-linux-x86_64 | 0.1.0 | 8.61 | 80.08 | 88.69 | NOTE | |
r-release-linux-x86_64 | 0.1.0 | 8.40 | 78.74 | 87.14 | NOTE | |
r-release-macos-arm64 | 0.1.0 | 35.00 | NOTE | |||
r-release-macos-x86_64 | 0.1.0 | 44.00 | NOTE | |||
r-release-windows-x86_64 | 0.1.0 | 6.00 | 70.00 | 76.00 | NOTE | |
r-oldrel-macos-arm64 | 0.1.0 | 38.00 | NOTE | |||
r-oldrel-macos-x86_64 | 0.1.0 | 48.00 | NOTE | |||
r-oldrel-windows-x86_64 | 0.1.0 | 6.00 | 73.00 | 79.00 | NOTE |
Version: 0.1.0
Check: LazyData
Result: NOTE
'LazyData' is specified without a 'data' directory
Flavors: r-devel-linux-x86_64-debian-clang, r-devel-linux-x86_64-debian-gcc, r-devel-linux-x86_64-fedora-clang, r-devel-linux-x86_64-fedora-gcc, r-devel-windows-x86_64, r-patched-linux-x86_64, r-release-linux-x86_64, r-release-macos-arm64, r-release-macos-x86_64, r-release-windows-x86_64, r-oldrel-macos-arm64, r-oldrel-macos-x86_64, r-oldrel-windows-x86_64